{"id":16,"date":"2014-04-16T16:52:23","date_gmt":"2014-04-16T16:52:23","guid":{"rendered":"https:\/\/www.dawsoncollege.qc.ca\/awards-scholarships\/?page_id=16"},"modified":"2026-02-26T17:36:26","modified_gmt":"2026-02-26T22:36:26","slug":"academic-achievement-and-leaders-of-tomorrow","status":"publish","type":"page","link":"https:\/\/www.dawsoncollege.qc.ca\/awards-scholarships\/external-awards\/academic-achievement-and-leaders-of-tomorrow\/","title":{"rendered":"Academic achievement and Leaders of tomorrow"},"content":{"rendered":"<h2>Boys &amp; Girls Clubs of Canada<\/h2>\n<p>Providing access to post-secondary education to active member of Boys &amp; Girls Clubs.<\/p>\n<p><a href=\"https:\/\/www.bgccan.com\/en\/what-we-do\/scholarships\/\">https:\/\/www.bgccan.com\/en\/what-we-do\/scholarships\/<\/a><\/p>\n<hr \/>\n<h2>BridgesEDU Scholarship<\/h2>\n<p>The BridgesEDU Scholarship is designed to help one winning applicant pay for education costs. BridgesEDU\u2019s mission is to help students graduate with less debt and more career opportunities. They are offering a scholarship open to all students attending a Canadian post-secondary institution.<\/p>\n<p><a href=\"https:\/\/bridgeseduscholarships.com\/the-bridgesedu-1000-scholarship-for-canadian-students\/\">https:\/\/bridgeseduscholarships.com\/the-bridgesedu-1000-scholarship-for-canadian-students\/<\/a><\/p>\n<hr \/>\n<h2>Canadian Scholarship Trust Foundation Awards<\/h2>\n<p>The Canadian Scholarship Trust Foundation provides financial support through awards and bursaries, helping students across Canada reach post-secondary learning opportunities.<\/p>\n<p><a href=\"https:\/\/www.cstfoundation.ca\/student-awards\">https:\/\/www.cstfoundation.ca\/student-awards<\/a><\/p>\n<hr \/>\n<h2>Dawson Student Union (DSU) Awards<\/h2>\n<p>Looking for ways to achieve its mission to connect, support and inspire, the Dawson Student Union (DSU) implemented the DSU awards in the fall of 2021 with the hope of incentivizing its members (all full and part-time students) to become more involved and committed to their academic goals and their Dawson College experience.<\/p>\n<p>Offering awards in several categories, multiple awards are accorded each Fall and Winter semester. Students will be awarded for volunteering efforts, academic success and initiative in a community project.<\/p>\n<p><a href=\"https:\/\/www.dawsonstudentunion.com\/awards\">https:\/\/www.dawsonstudentunion.com\/awards<\/a><\/p>\n<hr \/>\n<h2><span lang=\"fr\">Desjardins<\/span> Foundation scholarships<\/h2>\n<p>Scholarships are open to students from all fields and levels of study.<\/p>\n<p>Established in 1970, the Desjardins Foundation is a charitable organization that contributes to young people\u2019s academic success by awarding prizes and scholarships, and partnering with respected organizations. Student applications will automatically be forwarded to several different Desjardins scholarship programs, including those being run by various caisses and the Desjardins Foundation.<\/p>\n<p><a href=\"http:\/\/www.desjardins.com\/scholarships\">desjardins.com\/scholarships<\/a><\/p>\n<hr \/>\n<h2 class=\"scholarshipHeading heading-no-line ut-text-transform-none\">Dr. Oskar and Sally Schickler Scholarship<\/h2>\n<p>For undergraduate study either at CEGEP or undergraduate level, not limited to Montreal, but applicant must be a Montreal resident. Based on need and academic merit.<\/p>\n<p><a href=\"https:\/\/jcfmontreal.org\/grants\/scholarships\/cegep\/dr-oskar-and-sally-schickler-scholarship\/\">https:\/\/jcfmontreal.org\/grants\/scholarships\/cegep\/dr-oskar-and-sally-schickler-scholarship\/<\/a><\/p>\n<hr \/>\n<h2>Emeka Ngadi Scholarship<\/h2>\n<p>The Ngadi Foundation is offering the Emeka Ngadi Scholarship, which aims to recognize, encourage and provide financial support to high achieving students. The program is offered in memory of Emeka Ngadi who was an outstanding student who used his skills to serve the community and people around him. The awards are granted based on academic performance and demonstrated active community and\/or extra-curricular involvement.<\/p>\n<p>The applicant must be in their final year and must have been admitted into a full-time University undergraduate program for the upcoming academic year. While all are encouraged to apply, preference will be given to outstanding science students.<\/p>\n<p><a href=\"https:\/\/www.ngadifoundation.org\">https:\/\/www.ngadifoundation.org<\/a><\/p>\n<hr \/>\n<h2>EnergyRates.Ca College Scholarship<\/h2>\n<p>All you have to do to be considered for the scholarship is write an essay in English or French, no more than 500 words in length, about where you see the future of the energy industry. You can talk about anything you want \u2014 green energy, oil politics, the continued use of nuclear power, your personal ideas and innovations \u2014 so long as it\u2019s about energy in the world of tomorrow. What do you think people will be reading about in the news in a few years?<\/p>\n<p><a href=\"https:\/\/energyrates.ca\/energyrates-ca-scholarship\/\">https:\/\/energyrates.ca\/energyrates-ca-scholarship\/<\/a><\/p>\n<hr \/>\n<h2>Future Aces Scholarship<\/h2>\n<p>The Future Aces Philosophy created by Herbert Carnegie in 1956 is designed to help youth develop the self-knowledge and self-confidence that will enable them to take control of their lives and to use their abilities in a positive way.\u00a0 It provides a model for behavior based on teachable skills with a meaningful message to encourage responsible citizenship.<\/p>\n<p><a href=\"http:\/\/futureaces.org\/scholarship\/\">http:\/\/futureaces.org\/scholarship\/<\/a><\/p>\n<hr \/>\n<h2>Girl Guides of Canada Scholarships<\/h2>\n<p>The Girl Guides of Canada National Scholarship Program recognizes the extraordinary accomplishments of Girl Guide members and supports them as they work towards the future they\u2019ve been dreaming of.<br \/>\nNo matter what you aspire to become \u2013 an engineer, an artist, an entrepreneur, or something else entirely \u2013 Girl Guides National Scholarships are here to support you as you take the exciting next step of post-secondary education.<\/p>\n<p><a href=\"https:\/\/www.girlguides.ca\/web\/GGC\/Volunteers\/Membership_Opportunities\/Scholarships\/GGC\/Volunteers\/Membership_Opportunities\/Scholarships\/Scholarships.aspx\">https:\/\/www.girlguides.ca\/web\/GGC\/Volunteers\/Membership_Opportunities\/Scholarships\/GGC\/Volunteers\/Membership_Opportunities\/Scholarships\/Scholarships.aspx<\/a><\/p>\n<hr \/>\n<h2 class=\"scholarshipHeading heading-no-line ut-text-transform-none\">Harry Hopmeyer Memorial Scholarship<\/h2>\n<p>Awarded to a Quebec student enrolled in CEGEP or undergraduate studies in Montreal.<\/p>\n<p><a href=\"https:\/\/jcfmontreal.org\/grants\/scholarships\/cegep\/harry-hopmeyer-memorial-scholarship\/\">https:\/\/jcfmontreal.org\/grants\/scholarships\/cegep\/harry-hopmeyer-memorial-scholarship\/<\/a><\/p>\n<hr \/>\n<h2 class=\"scholarshipHeading heading-no-line ut-text-transform-none\">Henriette &amp; Marcel Korner Scholarship<\/h2>\n<p>Awarded to a student who enters, or is already in a CEGEP program. Based on need and academic merit.<\/p>\n<p><a href=\"https:\/\/jcfmontreal.org\/grants\/scholarships\/cegep\/henriette-marcel-korner-scholarship-for-cegep\/\">https:\/\/jcfmontreal.org\/grants\/scholarships\/cegep\/henriette-marcel-korner-scholarship-for-cegep\/<\/a><\/p>\n<hr \/>\n<h2>Kin Canada Scholarship<\/h2>\n<p>Kin Canada bursaries are awarded to successful Canadian applicants who are pursuing post-secondary education at a recognized university, community college, technical institute and other schools for advanced education.<\/p>\n<p><a href=\"https:\/\/www.kincanada.ca\/EN\/Web\/OurBursaries\/About-Bursaries.aspx\">https:\/\/www.kincanada.ca\/EN\/Web\/OurBursaries\/About-Bursaries.aspx<\/a><\/p>\n<hr \/>\n<h2>Loran Award<\/h2>\n<p>The Loran Scholars Foundation grants Loran Awards to talented young Canadians on the basis of character, service and leadership potential. A Loran Award includes four years of funding for undergraduate studies and a comprehensive enrichment program.<\/p>\n<p><a href=\"https:\/\/loranscholar.ca\/loran-award\/\">https:\/\/loranscholar.ca\/loran-award\/<\/a><\/p>\n<hr \/>\n<h2>Mensa Canada Scholarship Programme<\/h2>\n<p>The Mensa Canada Scholarship Programme offers a number of different scholarships for full time post secondary students. You do not need to be a member of Mensa Canada to apply for a scholarship.<\/p>\n<p><a href=\"http:\/\/www.mensacanada.ca\/index-e.html\" target=\"_blank\" rel=\"noopener noreferrer\" name=\"Link\">http:\/\/www.mensacanada.ca\/index-e.html<\/a><\/p>\n<hr \/>\n<h2>Obvia Next Generation Scholarship Program<\/h2>\n<p>The Next Generation Scholarship Program aims to encourage the best candidates, from college to doctoral level, to undertake or pursue research or research-creation activities in the field of the societal impacts of AI and digital technology, responsible innovation, and to support their success. Students who stand out for their background and the innovative and interdisciplinary potential of their research or research-creation project are invited to submit their application.<\/p>\n<p><a href=\"https:\/\/www.obvia.ca\/en\/research\/scholarship-program\">https:\/\/www.obvia.ca\/en\/research\/scholarship-program<\/a><\/p>\n<hr \/>\n<h2>Prix \u00e9tudiants de L\u2019ARC<\/h2>\n<p>Les Prix \u00e9tudiants de l\u2019ARC visent \u00e0 valoriser la participation des \u00e9tudiantes et des \u00e9tudiants \u00e0 des activit\u00e9s de formation \u00e0 la recherche men\u00e9es au sein des \u00e9tablissements d\u2019enseignement coll\u00e9gial, publics ou priv\u00e9s, dans l\u2019ensemble des programmes et des disciplines. Toute recherche effectu\u00e9e \u00e0 l\u2019int\u00e9rieur de l\u2019un de ces \u00e9tablissements alors que les candidates et candidats sont inscrits dans un programme d\u2019\u00e9tudes coll\u00e9giales est admissible, et ce, quel que soit le secteur de recherche de l\u2019\u00e9l\u00e8ve : soci\u00e9t\u00e9 et culture, sant\u00e9, ou nature et technologies.<\/p>\n<p><a href=\"https:\/\/recherchecollegiale.ca\/5_2_form.php?id_categorie=1\">https:\/\/recherchecollegiale.ca\/5_2_form.php?id_categorie=1<\/a><\/p>\n<hr \/>\n<h2>Prix Pour un Qu\u00e9bec sans racisme<\/h2>\n<p>Les prix Pour un Qu\u00e9bec sans racisme visent \u00e0 reconna\u00eetre et \u00e0 c\u00e9l\u00e9brer la contribution d\u2019une personne, d\u2019une organisation publique, d\u2019une entreprise et d\u2019un organisme qui se sont distingu\u00e9s par des r\u00e9alisations remarquables et un apport significatif \u00e0 la lutte contre le racisme au Qu\u00e9bec.<\/p>\n<p><a href=\"https:\/\/www.quebec.ca\/gouvernement\/reconnaissance-prix\/prix-quebec-sans-racisme\/a-propos\">https:\/\/www.quebec.ca\/gouvernement\/reconnaissance-prix\/prix-quebec-sans-racisme\/a-propos<\/a><\/p>\n<hr \/>\n<h2>Rank-it.ca Scholarship<\/h2>\n<p><span data-contrast=\"auto\">Rank-it.ca is offering a scholarship to a student enrolled in an American or <\/span><span data-contrast=\"auto\">Canadian post-secondary educational institution. To be considered, students must <\/span>write an essay in English or French of up to 500 words, explaining what consumer trend they see emerging, going obsolete or standing the test of time.<\/p>\n<p><a href=\"https:\/\/rank-it.ca\/rank-it-college-scholarship\/\">https:\/\/rank-it.ca\/rank-it-college-scholarship\/<\/a><\/p>\n<hr \/>\n<h2>Rotary Foundation Ambassadorial Scholarships<\/h2>\n<p>The Rotary Foundation offers grants that support a wide variety of projects, scholarships, and training that Rotary members are doing around the world.<\/p>\n<p><a href=\"https:\/\/www.rotary.org\/myrotary\/en\/take-action\/apply-grants\" target=\"_blank\" rel=\"noopener noreferrer\">https:\/\/www.rotary.org\/myrotary\/en\/take-action\/apply-grants<\/a><\/p>\n<hr \/>\n<h2>Royal Bank Scholarships for undergraduate students<\/h2>\n<p>For students enrolled full-time in a publicly funded Canadian university or college. Applicants should be well-rounded, creative students who are passion driven and who want to make a difference.<\/p>\n<p><a href=\"https:\/\/www.rbc.com\/dms\/enterprise\/scholarships.html\">https:\/\/www.rbc.com\/dms\/enterprise\/scholarships.html<\/a><\/p>\n<hr \/>\n<h2>Royal Canadian Legion<\/h2>\n<p>Awarded from the Poppy Trust Funds to students who are children, grandchildren and great-grandchildren of Canadian ex-service persons (war veterans or post-war service) and who are in need of assistance. These bursaries may be awarded at any stage of a college or university program. Other bursaries and scholarships may be awarded from other Legion funds and the criteria are established by the respective branch or Provincial Command.<\/p>\n<p><a href=\"https:\/\/www.legion.ca\/communities-youth\/youth-education\/scholarships-and-bursaries\">https:\/\/www.legion.ca\/communities-youth\/youth-education\/scholarships-and-bursaries<\/a><\/p>\n<hr \/>\n<h2>Scouts Canada Scholarship Program<\/h2>\n<p>The Scouts Canada Scholarship Program provides financial support to members of Scouts Canada entering or continuing in full-time studies at Canadian universities or colleges. Several scholarships available. All recipients are motivated youth whom, with the help of their Scouting experiences, have demonstrated outstanding leadership qualities and a desire to create a better world.<\/p>\n<p><a href=\"http:\/\/www.scouts.ca\/ca\/scholarships\">http:\/\/www.scouts.ca\/ca\/scholarships<\/a><\/p>\n<hr \/>\n<h2>St. John Ambulance Scholarships and Bursaries<\/h2>\n<p>If you can demonstrate academic achievement and financial need, if you have leadership qualities and a commitment to high standards in your chosen field of study, if you are dedicated to upholding the ideals of St. John and have a desire to continue to serve your community through St. John Ambulance, then you may be eligible to receive a bursary or scholarship award.<\/p>\n<p>Whether you are entering post-secondary education for the first time or returning to continue your program, St. John Ambulance can support you as you pursue your studies by providing financial assistance through your life as a student.<\/p>\n<p><a href=\"https:\/\/www.sja.ca\/en\/initiatives\/scholarships-bursaries\">https:\/\/www.sja.ca\/en\/initiatives\/scholarships-bursaries<\/a><\/p>\n<hr \/>\n<h2>TD Scholarships for Community Leadership<\/h2>\n<p>TD Scholarships for Community Leadership recipients receive funds for tuition and living expenses as well as opportunities for paid summer employment, peer networking and mentorship. Supporting young community leaders is one way TD is helping build a more inclusive and sustainable tomorrow.<\/p>\n<p><a href=\"https:\/\/www.td.com\/ca\/en\/personal-banking\/solutions\/student-banking\/community-leadership-scholarship-for-canadians\">https:\/\/www.td.com\/ca\/en\/personal-banking\/solutions\/student-banking\/community-leadership-scholarship-for-canadians<\/a><\/p>\n<hr \/>\n<h2>TELUS Student Bursary<\/h2>\n<p>The TELUS Student Bursary provides financial assistance to deserving young people across the country who are committed to giving back in their local communities by taking on a social impact project. Recipients receive a bursary valued to put toward tuition fees at Canadian post-secondary institutions.<\/p>\n<p><a href=\"http:\/\/www.friendlyfuture.com\/bursary\">www.friendlyfuture.com\/bursary<\/a><\/p>\n<hr \/>\n<h2>Terry Fox Humanitarian Award Program<\/h2>\n<p>Terry Fox Humanitarian Award recipients are selected for their dedication to the humanitarian ideals of Terry Fox, their volunteer experience, their courage in overcoming obstacles, their participation in sport, fitness and community service and their academic standing. The Terry Fox Humanitarian Award Program is not a &#8216;disability&#8217; award, though many recipients have faced and overcome physical disabilities. Obstacles can refer to any circumstances &#8211; physical, psychological, societal or environmental &#8211; which require personal fortitude. Obstacles include &#8211; but are not limited to &#8211; physical or mental handicaps, financial hardship, family breakup, deaths or illnesses, refugee situations and other life-altering situations.<\/p>\n<p><a href=\"https:\/\/www.terryfoxawards.ca\/\">https:\/\/www.terryfoxawards.ca\/<\/a><\/p>\n<hr \/>\n<h2 class=\"elementor-heading-title elementor-size-default\">Top Tier Tutoring Scholarship Grant<\/h2>\n<p>Top Tier Tutoring offers several scholarships a year. Students must submit an essay to apply.<\/p>\n<p><a href=\"https:\/\/toptiertutoring.com\/scholarships\/\">https:\/\/toptiertutoring.com\/scholarships\/<\/a><\/p>\n","protected":false},"excerpt":{"rendered":"<p>Boys &amp; Girls Clubs of Canada Providing access to post-secondary education to active member of Boys &amp; Girls Clubs. https:\/\/www.bgccan.com\/en\/what-we-do\/scholarships\/ BridgesEDU Scholarship The BridgesEDU Scholarship is designed to help one winning applicant pay for education costs. BridgesEDU\u2019s mission is to help students graduate with less debt and more career opportunities. They are offering a scholarship&#8230;<\/p>\n","protected":false},"author":17,"featured_media":0,"parent":9,"menu_order":0,"comment_status":"closed","ping_status":"closed","template":"","meta":{"footnotes":""},"class_list":["post-16","page","type-page","status-publish","hentry"],"_links":{"self":[{"href":"https:\/\/www.dawsoncollege.qc.ca\/awards-scholarships\/wp-json\/wp\/v2\/pages\/16","targetHints":{"allow":["GET"]}}],"collection":[{"href":"https:\/\/www.dawsoncollege.qc.ca\/awards-scholarships\/wp-json\/wp\/v2\/pages"}],"about":[{"href":"https:\/\/www.dawsoncollege.qc.ca\/awards-scholarships\/wp-json\/wp\/v2\/types\/page"}],"author":[{"embeddable":true,"href":"https:\/\/www.dawsoncollege.qc.ca\/awards-scholarships\/wp-json\/wp\/v2\/users\/17"}],"replies":[{"embeddable":true,"href":"https:\/\/www.dawsoncollege.qc.ca\/awards-scholarships\/wp-json\/wp\/v2\/comments?post=16"}],"version-history":[{"count":15,"href":"https:\/\/www.dawsoncollege.qc.ca\/awards-scholarships\/wp-json\/wp\/v2\/pages\/16\/revisions"}],"predecessor-version":[{"id":3448,"href":"https:\/\/www.dawsoncollege.qc.ca\/awards-scholarships\/wp-json\/wp\/v2\/pages\/16\/revisions\/3448"}],"up":[{"embeddable":true,"href":"https:\/\/www.dawsoncollege.qc.ca\/awards-scholarships\/wp-json\/wp\/v2\/pages\/9"}],"wp:attachment":[{"href":"https:\/\/www.dawsoncollege.qc.ca\/awards-scholarships\/wp-json\/wp\/v2\/media?parent=16"}],"curies":[{"name":"wp","href":"https:\/\/api.w.org\/{rel}","templated":true}]}}