{"id":116,"date":"2014-04-17T18:55:47","date_gmt":"2014-04-17T18:55:47","guid":{"rendered":"https:\/\/www.dawsoncollege.qc.ca\/ctd\/?page_id=116"},"modified":"2025-07-14T16:17:05","modified_gmt":"2025-07-14T20:17:05","slug":"language-self-evaluation-tests","status":"publish","type":"page","link":"https:\/\/www.dawsoncollege.qc.ca\/ctd\/language-self-evaluation-tests\/","title":{"rendered":"Language Placements and Self-Evaluations"},"content":{"rendered":"\n\t\t<style>\n\n\n\t\t\t\n\t\t\t.dc_accordion .dc_accordion-body:before{\n\t\t\t\tdisplay: block;\n\t\t\t\theight: 10px;height: 1rem;\n\t\t\t\tcontent: \"\";\n\t\t\t}\n\n\t\t\t\n\n\n\t\t<\/style>\n\n\n\t\t<div id=\"online-placement-test-for-french-workshop-courses\" class=\"new dc_accordion  multiple\"  ><h3 class=\"dc_accordion-title highlighta\" ><a class=\"\" style=\"\" href=\"#online-placement-test-for-french-workshop-courses\">Online placement test for French workshop courses<\/a><\/h3><div class=\"dc_accordion-body \" style=\"\" ><p><strong>Test de classement en ligne :<\/strong> <a href=\"https:\/\/www.dawsoncollege.qc.ca\/ctd\/language-self-evaluation-tests\/test-de-classement-1\/\" target=\"_blank\" rel=\"noopener\">Questionnaire 1<\/a> &#8211; <a href=\"https:\/\/www.dawsoncollege.qc.ca\/ctd\/language-self-evaluation-tests\/test-de-classement-2\/\" target=\"_blank\" rel=\"noopener\">Questionnaire 2<\/a> &#8211; <a href=\"https:\/\/www.dawsoncollege.qc.ca\/ctd\/language-self-evaluation-tests\/test-de-classement-3\/\" target=\"_blank\" rel=\"noopener\">Questionnaire 3<\/a> &#8211; <a href=\"https:\/\/www.dawsoncollege.qc.ca\/ctd\/language-self-evaluation-tests\/test-de-classement-4\/\" target=\"_blank\" rel=\"noopener\">Questionnaire 4<\/a> &#8211; <a href=\"https:\/\/www.dawsoncollege.qc.ca\/ctd\/language-self-evaluation-tests\/test-de-classement-5\/\" target=\"_blank\" rel=\"noopener\">Questionnaire 5<\/a> &#8211; <a href=\"https:\/\/www.dawsoncollege.qc.ca\/ctd\/language-self-evaluation-tests\/test-de-classement-6\/\" target=\"_blank\" rel=\"noopener\">Questionnaire 6<\/a><\/p>\n<p>Vous pouvez \u00e9galement <a href=\"\/ctd\/wp-content\/uploads\/sites\/88\/francais_test_de_classement.pdf\" target=\"_blank\" rel=\"noopener\" name=\"ID3Path\">t\u00e9l\u00e9charger une version imprimable<\/a>.<\/p><\/div><\/div>\n<div id=\"online-placement-test-for-francais-echelle-quebecoise-feq-courses\" class=\"new dc_accordion  multiple\"  ><h3 class=\"dc_accordion-title highlighta\" ><a class=\"\" style=\"\" href=\"#online-placement-test-for-francais-echelle-quebecoise-feq-courses\">Online placement test for Fran\u00e7ais \u00c9chelle Qu\u00e9becoise (FEQ) courses<\/a><\/h3><div class=\"dc_accordion-body \" style=\"\" >\n\t\t<style>\n\t\t\t.dc_btn_wrap.inline-block {\n\t\t\t\tmargin-right: 25px;\n\t\t\t}\n\n\t\t\t.buttons-group {\n\t\t\t\tdisplay: flex;\n\t\t\t\tflex-flow: column;\n\t\t\t}\n\n\t\t\t@media only screen and (min-width: 740px) {\n\n\t\t\t\t.buttons-group {\n\t\t\t\t\tdisplay: flex;\n\t\t\t\t\tflex-flow: row wrap;\n\t\t\t\t\tjustify-content: flex-start;\n\t\t\t\t}\n\t\t\t\t.buttons-group.justify-space-between {\n\t\t\t\t\tdisplay: flex;\n\t\t\t\t\tflex-flow: row wrap;\n\t\t\t\t\tjustify-content: space-between;\n\t\t\t\t}\n\n\t\t\t\t.buttons-group.columns-2>div {\n\n\t\t\t\t\twidth: 48%;\n\t\t\t\t}\n\n\t\t\t\t.buttons-group.columns-3>div {\n\n\t\t\t\t\twidth: 32%;\n\t\t\t\t}\n\n\t\t\t\t.buttons-group.columns-4>div {\n\n\t\t\t\t\twidth: 24%;\n\t\t\t\t}\n\t\t\t}\n\n\t\t\t.buttons-group>div {\n\t\t\t\t\/* width: 100%; *\/\n\t\t\t\talign-items: stretch;\n\t\t\t\tdisplay: flex;\n\t\t\t}\n\n\t\t\t.buttons-group.inline-block>div {\n\t\t\t\tdisplay: inline-block;\n\t\t\t\twidth: auto;\n\t\t\t}\n\n\t\t\t.buttons-group .dc_btn {\n\n\t\t\t\tjustify-content: center;\n\t\t\t\twidth: 100%;\n\t\t\t\tflex-direction: initial;\n\t\t\t\tpadding: 20% 10%;\n\n\t\t\t}\n\n\t\t\t.dc_btn {\n\t\t\t\tcursor: pointer;\n\t\t\t\tpadding: 20px;\n\t\t\t\tpadding: 1rem;\n\t\t\t\tcolor: #000;\n\t\t\t\ttext-decoration: none !important;\n\t\t\t\tdisplay: inline-block;\n\t\t\t\tmargin: 2px 2px 0px 0px;\n\t\t\t\tfont-weight: normal !important;\n\t\t\t\t\/*display: flex;\n\t\t\t\talign-items: center;*\/\n\t\t\t\t\/*flex-direction: row-reverse;*\/\n\t\t\t\tfont-family: \"Open Sans\", Arial, sans-serif;\n\t\t\t\t\/**  Oswald,  *\/\n\t\t\t\tletter-spacing: 0.6px;\n\t\t\t\t\/* text-transform: uppercase; *\/\n\t\t\t\tborder-radius: 30px;\n\t\t\t}\n\n\t\t\t.buttons-group .dc_btn {\n\t\t\t\tdisplay: flex;\n\t\t\t\talign-items: center;\n\t\t\t}\n\n\t\t\t.content a.dc_btn::before {\n\t\t\t\tcontent: \"\";\n\t\t\t\tmargin: 0;\n\t\t\t}\n\n\t\t\t.dc_btn i.fa {\n\t\t\t\tmargin-left: -5px;\n\t\t\t\tfont-size: 2rem;\n\t\t\t\tdisplay: inline-block;\n\t\t\t\t\/* vertical-align: middle; *\/\n\t\t\t}\n\n\t\t\t.dc_btn.dcmc_btn i.fa {\n\t\t\t\tmargin-right: -2px;\n\t\t\t\tmargin-left: 0;\n\t\t\t}\n\n\t\t\t.dc_btn.blue {\n\t\t\t\tbackground: #548ec4;\n\t\t\t\tbackground-color: #3D77AE;\n\t\t\t\tcolor: #fff;\n\t\t\t}\n\n\t\t\t.dc_btn.red {\n\t\t\t\tbackground: #bd5276;\n\t\t\t\tcolor: #fff;\n\t\t\t}\n\n\t\t\t.dc_btn.green {\n\t\t\t\tbackground: #41a849;\n\t\t\t\tcolor: #fff;\n\t\t\t}\n\n\t\t\t.dc_btn.orange {\n\t\t\t\tbackground: #e6882a;\n\t\t\t\tcolor: #fff;\n\t\t\t}\n\n\t\t\t.dc_btn.purple {\n\t\t\t\tbackground: #7248ae;\n\t\t\t\tcolor: #fff;\n\t\t\t}\n\n\t\t\t.dc_btn.black {\n\t\t\t\tbackground: #000000;\n\t\t\t\tcolor: #fff;\n\t\t\t\tborder: 1px solid #000;\n\t\t\t}\n\n\t\t\ta.dc_btn.black:hover {\n\t\t\t\tbackground: #fff;\n\t\t\t\tborder: 1px solid #000;\n\t\t\t\tcolor: #000 !important;\n\t\t\t}\n\n\t\t\t.clear-both {\n\t\t\t\tclear: both;\n\t\t\t}\n\n\t\t\ta.dc_btn:hover {\n\t\t\t\tbackground: #000;\n\t\t\t\tcolor: #fff !important;\n\t\t\t}\n\n\t\t\ta.dc_btn:visited {\n\t\t\t\tcolor: #fff !important;\n\t\t\t}\n\n\t\t\ta.dc_btn:active {\n\t\t\t\tcolor: #fff !important;\n\t\t\t}\n\n\t\t\t.dc_btn.big,\n\t\t\t.dc_btn.large {\n\t\t\t\twidth: 100%;\n\t\t\t\ttext-align: center;\n\t\t\t\tfont-size: 30px;\n\t\t\t\tpadding: 15px 20px;\n\t\t\t\tcolor: #fff;\n\t\t\t}\n\n\t\t\t.dc_btn.icon_only {\n\t\t\t\tbackground: transparent;\n\t\t\t\tpadding: 5px 10px;\n\t\t\t\tmargin: 0 auto;\n\t\t\t\tborder-radius: 10px;\n\t\t\t}\n\n\t\t\t.dc_btn.icon_only i.fa {\n\t\t\t\tmargin-left: 0;\n\t\t\t}\n\n\t\t\t.dc_btn i {}\n\n\t\t\t.icon_only i {\n\t\t\t\tpadding: 0;\n\t\t\t\tmargin: 0;\n\t\t\t\tcolor: inherit;\n\t\t\t\tfont-size: 32px;\n\t\t\t}\n\n\t\t\t.dcmc_btn {\n\t\t\t\tcursor: auto;\n\t\t\t\tline-height: 30px;\n\t\t\t\tdisplay: block;\n\t\t\t\tdisplay: flex;\n\t\t\t\tbackground: #222;\n\t\t\t\tbox-shadow: -10px 0 0 rgb(47, 146, 56), -20px 0 0 rgb(93, 40, 128), -30px 0 0 rgb(218, 129, 25), -40px 0 0 rgb(24, 131, 199);\n\t\t\t\tcolor: #fff;\n\t\t\t\tmargin-left: 40px;\n\t\t\t\tmargin-bottom: 20px;\n\t\t\t\ttext-decoration: none !important;\n\t\t\t\tcursor: pointer;\n\t\t\t}\n\n\t\t\t\/*a.dcmc_btn[href$=pdf]{ display: block; display: flex; }*\/\n\t\t\t\/*.dcmc_title{ font-size:30px; line-height: 35px; font-family:Oswald, \"Open Sans\", Arial, sans-serif; display:block; letter-spacing:1px; text-transform: uppercase;}*\/\n\t\t\t\/*.dcmc_desc{ font-size:16px; letter-spacing:0.7px; font-family:Oswald, \"Open Sans\", Arial, sans-serif; display:block; text-transform: uppercase; padding: 0 1rem;}*\/\n\t\t\t\/*.dcmc_btn i{ float: right; font-size: 3em; }*\/\n\t\t\t\/*a.dcmc_btn::before{ content: \"\"; display: none;}*\/\n\t\t\t\/*.dcmc_btn.small{ padding: 20px 20px 15px 20px; line-height: 22px; box-shadow: -10px 0 0 #2f9238,-20px 0 0 #5d2880,-30px 0 0 #da8119,-40px 0 0 #1883c7; margin-left:40px; margin-bottom: 10px;}*\/\n\t\t\t\/*.dcmc_btn.small .dcmc_title{ font-size: 20px; line-height: 22px; font-weight: 400;}*\/\n\t\t\t\/*.dcmc_btn.small .dcmc_desc{ font-size: 13px;}*\/\n\t\t\t\/*.dcmc_btn.small i{ font-size: 2em;}*\/\n\n\t\t\t\/*.dcmc_btn.light{ !* Permalink - use to edit and share this gradient: http:\/\/colorzilla.com\/gradient-editor\/#ffffff+0,dddddd+100 *!*\/\n\t\t\t\/*background: #ffffff; !* Old browsers *!*\/\n\t\t\t\/*background: -moz-linear-gradient(top,  #ffffff 0%, #dddddd 100%); !* FF3.6-15 *!*\/\n\t\t\t\/*background: -webkit-linear-gradient(top,  #ffffff 0%,#dddddd 100%); !* Chrome10-25,Safari5.1-6 *!*\/\n\t\t\t\/*background: linear-gradient(to bottom,  #ffffff 0%,#dddddd 100%); !* W3C, IE10+, FF16+, Chrome26+, Opera12+, Safari7+ *!*\/\n\t\t\t\/*filter: progid:DXImageTransform.Microsoft.gradient( startColorstr='#ffffff', endColorstr='#dddddd',GradientType=0 ); !* IE6-9 *!*\/\n\t\t\t\/*border: 1px solid #C7C7C7;*\/\n\t\t\t\/*border-left: none;*\/\n\t\t\t\/*color: #000;*\/\n\t\t\t\/*}*\/\n\t\t\t\/*.dcmc_btn i{ float: right; font-size: 3em; }*\/\n\t\t\t\/*.dcmc_btn.light i{ }*\/\n\n\t\t\t\/*.dcmc_btn.round20{ border-radius: 20px; }*\/\n\t\t\t\/*.dcmc_btn.round10{ border-radius: 10px; }*\/\n\t\t\t\/*.dcmc_btn.round5{ border-radius: 5px; }*\/\n\n\n\t\t\t.btn-dc-light {\n\t\t\t\tdisplay: inline-block;\n\t\t\t\tbackground-color: #fff;\n\t\t\t\tpadding: 12px 14px;\n\t\t\t\tborder-top-left-radius: 5px;\n\t\t\t\tborder-bottom-left-radius: 5px;\n\t\t\t\tposition: relative;\n\t\t\t\ttext-decoration: none !important;\n\t\t\t\tcolor: #3878c2 !important;\n\t\t\t\tbox-shadow: rgba(0, 0, 0, 0.05) 0px 6px 24px 0px, rgba(0, 0, 0, 0.08) 0px 0px 0px 1px;\n\t\t\t\tposition: relative;\n\t\t\t\tz-index: 1;\n\t\t\t\tfont-weight: 400 !important;\n\t\t\t\tfont-size: 14px !important;\n\t\t\t\tfont-size: 1.4rem !important;\n\t\t\t\tmargin-bottom: 10px;\n\t\t\t}\n\n\t\t\t.btn-dc-light:after {\n\t\t\t\tbackground-color: #4fc2c4;\n\t\t\t\tdisplay: inline-block;\n\t\t\t\tcontent: \"\";\n\t\t\t\tposition: absolute;\n\t\t\t\ttop: 0;\n\t\t\t\tleft: 100%;\n\t\t\t\theight: 100%;\n\t\t\t\twidth: 50px;\n\t\t\t\tbackground-image: url('\/wp-content\/themes\/dawson-college-2022\/images\/2022\/icons\/right-arrow-white.svg');\n\t\t\t\tbackground-repeat: no-repeat;\n\t\t\t\tbackground-position: center;\n\t\t\t\tbackground-size: 75%;\n\t\t\t\tborder-top-right-radius: 5px;\n\t\t\t\tborder-bottom-right-radius: 5px;\n\n\t\t\t}\n\n\t\t\t.btn-dc-dark span {\n\t\t\t\tbackground-color: #0b58b4;\n\t\t\t\tpadding: 12px 14px;\n\t\t\t\tborder-top-left-radius: 5px;\n\t\t\t\tborder-bottom-left-radius: 5px;\n\t\t\t}\n\n\t\t\t.btn-dc-dark {\n\t\t\t\tdisplay: inline-block;\n\t\t\t\tposition: relative;\n\t\t\t\ttext-decoration: none !important;\n\t\t\t\tcolor: #fff !important;\n\t\t\t\t\/* box-shadow: rgba(0, 0, 0, 0.05) 0px 6px 24px 0px, rgba(0, 0, 0, 0.08) 0px 0px 0px 1px; *\/\n\t\t\t\tposition: relative;\n\t\t\t\tz-index: 1;\n\t\t\t\tfont-weight: 400 !important;\n\t\t\t\tfont-size: 14px !important;\n\t\t\t\tfont-size: 1.4rem !important;\n\t\t\t\tmargin-bottom: 10px;\n\t\t\t\tpadding-right: 50px;\n\t\t\t}\n\n\t\t\ta.btn-dc-dark::before {\n\t\t\t\tcontent: \"\";\n\t\t\t}\n\n\t\t\t.btn-dc-dark span{\n\t\t\t\tposition: relative;\n\t\t\t\tdisplay: inline-block!important;\n\t\t\t}\n\t\t\t\n\t\t\t.btn-dc-dark span:after {\n\t\t\t\tbackground-color: #4fc2c4;\n\t\t\t\tdisplay: inline-block;\n\t\t\t\tcontent: \"\";\n\t\t\t\tposition: absolute;\n\t\t\t\ttop: 0;\n\t\t\t\tleft: 100%;\n\t\t\t\theight: 100%;\n\t\t\t\twidth: 50px;\n\t\t\t\tbackground-image: url('\/wp-content\/themes\/dawson-college-2022\/images\/2022\/icons\/right-arrow-white.svg');\n\t\t\t\tbackground-repeat: no-repeat;\n\t\t\t\tbackground-position: center;\n\t\t\t\tbackground-size: 75%;\n\t\t\t\tborder-top-right-radius: 5px;\n\t\t\t\tborder-bottom-right-radius: 5px;\n\t\t\t\ttransition: all 0.1s ease;\n\t\t\t}\n\n\t\t\t.btn-dc-dark:hover span {\n\t\t\t\tbox-shadow: -1px 0 0 #4fc2c4, inset 0 -1px 0 #4fc2c4, inset 0px 0 0 #4fc2c4, inset 0 1px 0 #4fc2c4;\n\t\t\t\tbackground-color: #fff!important;\n\t\t\t\tcolor: #0b58b4;\n\t\t\t}\n\n\t\t\t\/* .btn-dc-dark:hover{\n\t\t\tbackground-color: #fff;\n\t\t\tcolor: #0b58b4!important;\n\t\t} *\/\n\n\t\t\t@media only screen and (max-width: 740px) {\n\t\t\t\t.dcmc_btn {\n\t\t\t\t\tline-height: 22px;\n\t\t\t\t\tbox-shadow: -12px 0 0 rgb(47, 146, 56), -24px 0 0 rgb(93, 40, 128), -36px 0 0 rgb(218, 129, 25), -48px 0 0 rgb(24, 131, 199);\n\t\t\t\t\tpadding: 15px 15px 12px;\n\t\t\t\t\tmargin-left: 48px;\n\t\t\t\t}\n\n\t\t\t\t.dcmc_title {\n\t\t\t\t\tfont-size: 22px;\n\t\t\t\t}\n\n\t\t\t\t.dcmc_desc {\n\t\t\t\t\tfont-size: 12px;\n\t\t\t\t}\n\t\t\t}\n\n\t\t\t@media only screen and (max-width: 500px) {\n\t\t\t\t.dcmc_btn {\n\t\t\t\t\tbox-shadow: -8px 0 0 rgb(47, 146, 56), -16px 0 0 rgb(93, 40, 128), -24px 0 0 rgb(218, 129, 25), -32px 0 0 rgb(24, 131, 199);\n\t\t\t\t\tpadding: 10px 10px;\n\t\t\t\t\tmargin-left: 32px;\n\t\t\t\t\tline-height: 16px;\n\t\t\t\t}\n\n\t\t\t\t.dcmc_title {\n\t\t\t\t\tfont-size: 15px;\n\t\t\t\t}\n\n\t\t\t\t.dcmc_desc {\n\t\t\t\t\tfont-size: 10px;\n\t\t\t\t}\n\t\t\t}\n\t\t<\/style>\n\n\t\t<div class=\"dc_btn_wrap \" style=\"text-align:left; display:block;\"><a  style=\"  font-size:16px;  \" class=\"btn-dc-dark blue  \" href=\"https:\/\/360.articulate.com\/review\/content\/eafe9c4e-f185-4500-9c2c-b2bb9498690f\/review\"><span style=\"display:block; align-items:center; height:100%;\">FEQ level check<\/span><\/a><\/div><\/div><\/div>\n<div id=\"online-placement-test-for-english\" class=\"new dc_accordion  multiple\"  ><h3 class=\"dc_accordion-title highlighta\" ><a class=\"\" style=\"\" href=\"#online-placement-test-for-english\">Online placement test for English<\/a><\/h3><div class=\"dc_accordion-body \" style=\"\" ><p><strong>Online English Placement Test:<\/strong> <a href=\"https:\/\/www.dawsoncollege.qc.ca\/ctd\/language-self-evaluation-tests\/online-english-placement-test-1\/\" target=\"_blank\" rel=\"noopener\">Quiz 1<\/a> &#8211; <a href=\"https:\/\/www.dawsoncollege.qc.ca\/ctd\/language-self-evaluation-tests\/online-english-placement-test-2\/\" target=\"_blank\" rel=\"noopener\">Quiz 2<\/a> &#8211; <a href=\"https:\/\/www.dawsoncollege.qc.ca\/ctd\/language-self-evaluation-tests\/online-english-placement-test-3\/\" target=\"_blank\" rel=\"noopener\">Quiz 3<\/a> &#8211; <a href=\"https:\/\/www.dawsoncollege.qc.ca\/ctd\/language-self-evaluation-tests\/online-english-placement-test-4\/\" target=\"_blank\" rel=\"noopener\">Quiz 4<\/a> &#8211; <a href=\"https:\/\/www.dawsoncollege.qc.ca\/ctd\/language-self-evaluation-tests\/online-english-placement-test-5\/\" target=\"_blank\" rel=\"noopener\">Quiz 5<\/a> &#8211; <a href=\"https:\/\/www.dawsoncollege.qc.ca\/ctd\/language-self-evaluation-tests\/online-english-placement-test-6\/\" target=\"_blank\" rel=\"noopener\">Quiz 6<\/a><\/p>\n<p>You may also download a <a href=\"\/ctd\/wp-content\/uploads\/sites\/88\/english_language_placement_test.pdf\" target=\"_blank\" rel=\"noopener\" name=\"ID3Path\">printable version<\/a>, for your convenience.<\/p><\/div><\/div>\n<div id=\"self-evaluation-for-non-credit-language-courses\" class=\"new dc_accordion  multiple\"  ><h3 class=\"dc_accordion-title highlighta\" ><a class=\"\" style=\"\" href=\"#self-evaluation-for-non-credit-language-courses\">Self-evaluation for non-credit language courses<\/a><\/h3><div class=\"dc_accordion-body \" style=\"\" ><p>The following statements will help you identify your level of oral comprehension. Please note that during the first class, the teacher will evaluate students and will recommend a transfer to a more appropriate one if needed.<\/p>\n<table style=\"width: 95%\" border=\"0\" width=\"95%\" cellspacing=\"2\" cellpadding=\"2\" align=\"center\">\n<tbody>\n<tr style=\"background-color: #ddeafa\">\n<td width=\"15%\">\n<p align=\"center\">Beginner<\/p>\n<\/td>\n<td width=\"80%\">\n<div>I do not understand and cannot speak the language at all.<\/div>\n<\/td>\n<\/tr>\n<tr style=\"background-color: #ddeafa\">\n<td width=\"15%\">\n<p align=\"center\">Level\u00a0 1<\/p>\n<\/td>\n<td width=\"80%\">\n<div>I understand a few words but I cannot speak the language at all.<\/div>\n<\/td>\n<\/tr>\n<tr style=\"background-color: #ddeafa\">\n<td>\n<p align=\"center\">Level 2<\/p>\n<\/td>\n<td>I do not always understand what others say. I can speak a little bit about myself and my family (name, age, marital status, work, leisure, etc.). I can ask a few simple questions and give simple answers. I am not comfortable speaking outside the classroom.<\/td>\n<\/tr>\n<tr style=\"background-color: #ddeafa\">\n<td>\n<p align=\"center\">Level 3<\/p>\n<\/td>\n<td>I understand bits and pieces of conversation when I hear the language spoken. I can ask simple questions and give simple answers but I don&#8217;t know all the words and I have not mastered the grammar. My understanding of grammar and verb tenses is limited. I think I make a lot of mistakes when I speak.<\/td>\n<\/tr>\n<tr style=\"background-color: #ddeafa\">\n<td>\n<p align=\"center\">Level 4<\/p>\n<\/td>\n<td>I am able to understand most of a conversation when I hear the language spoken. I have a lot of difficulty understanding when people speak quickly. I can hold a conversation but I have difficulty expressing complex ideas because I do not have the vocabulary and I am missing some of the grammatical rules. When I write simple sentences I make grammatical and structural errors.<\/td>\n<\/tr>\n<tr style=\"background-color: #ddeafa\">\n<td>\n<p align=\"center\">Level 5<\/p>\n<\/td>\n<td>I understand most of the ideas when I watch a film, a television program or when I listen to the radio but I do not get all the details. I can speak about most subjects but I sometimes have to search for words to express more complex ideas. I can use most of the verb tenses and I have a very good basis in grammar but I feel that I am missing the fluency I need. I am able to write simple sentences but not to produce a coherent short text.<\/td>\n<\/tr>\n<tr style=\"background-color: #ddeafa\">\n<td width=\"15%\">\n<p align=\"center\">Level 6<\/p>\n<\/td>\n<td width=\"80%\">\n<div>I understand most ideas delivered through various media. However, at times I do not comprehend idiomatic expressions and formal vocabulary. I can communicate my thoughts effectively on most subjects, but I need to expand my vocabulary in order to express more complex ideas. I have a good understanding of grammatical structures, but I believe I need to put my acquired knowledge into practice by speaking and writing more fluently.<\/div>\n<\/td>\n<\/tr>\n<\/tbody>\n<\/table>\n<h3>L&#8217;auto-\u00e9valuation pour les cours de conversation non-cr\u00e9dit\u00e9s<\/h3>\n<p>Les \u00e9nonc\u00e9s ci-dessous vous aideront \u00e0 identifier votre niveau de compr\u00e9hension orale. Veuillez noter que durant le premier cours, le professeur \u00e9value les \u00e9tudiants et recommandera au besoin un transfert \u00e0 un autre niveau.<\/p>\n<table style=\"width: 95%\" border=\"0\" width=\"95%\" cellspacing=\"2\" cellpadding=\"2\" align=\"center\">\n<tbody>\n<tr style=\"background-color: #ddeafa\">\n<td width=\"15%\">\n<p align=\"center\">Introduction<\/p>\n<\/td>\n<td width=\"80%\">\n<div>Je ne parle pas et ne comprend pas la langue du tout.<\/div>\n<\/td>\n<\/tr>\n<tr style=\"background-color: #ddeafa\">\n<td width=\"15%\">\n<p align=\"center\">Niveau 1<\/p>\n<\/td>\n<td width=\"80%\">\n<div>Je comprends quelques mots mais il m&#8217;est absolument impossible de parler la langue.<\/div>\n<\/td>\n<\/tr>\n<tr style=\"background-color: #ddeafa\">\n<td>\n<p align=\"center\">Niveau 2<\/p>\n<\/td>\n<td>Je ne comprends pas toujours ce que disent les gens. J&#8217;arrive \u00e0 parler un peu de moi-m\u00eame et de ma famille (nom, \u00e2ge, statut civil, emploi, passe-temps). Je peux poser quelques questions simples et y r\u00e9pondre quand elles me sont pos\u00e9es.<\/td>\n<\/tr>\n<tr style=\"background-color: #ddeafa\">\n<td>\n<p align=\"center\">Niveau 3<\/p>\n<\/td>\n<td>Je comprends plus ou moins lorsque j&#8217;\u00e9coute une conversation. Je peux poser des questions simples et y r\u00e9pondre, mais certains mots me manquent et je ne ma\u00eetrise pas la grammaire. J&#8217;ai une compr\u00e9hension limit\u00e9e de la grammaire et des temps de verbe. Je crois faire beaucoup d&#8217;erreurs lorsque je parle.<\/td>\n<\/tr>\n<tr style=\"background-color: #ddeafa\">\n<td>\n<p align=\"center\">Niveau 4<\/p>\n<\/td>\n<td>Je comprends presque bien lorsque j&#8217;\u00e9coute une conversation. J&#8217;ai de la difficult\u00e9 \u00e0 comprendre lorsque les gens parlent tr\u00e8s vite. Je peux converser mais j&#8217;ai de la difficult\u00e9 \u00e0 exprimer des id\u00e9es complexes faute de vocabulaire et de r\u00e8gles grammaticales.<\/td>\n<\/tr>\n<tr style=\"background-color: #ddeafa\">\n<td>\n<p align=\"center\">Niveau 5<\/p>\n<\/td>\n<td>Je comprends presque toutes les id\u00e9es g\u00e9n\u00e9rales d&#8217;un film ou d&#8217;une \u00e9mission de t\u00e9l\u00e9vision ou de radio, mais les d\u00e9tails m&#8217;\u00e9chappent. J&#8217;arrive \u00e0 discuter de la plupart des sujets, mais les mots me manquent pour exprimer des id\u00e9es plus complexes. J&#8217;aimerais \u00eatre plus \u00e0 l&#8217;aise quand je parle. Je peux \u00e9crire des phrases simples mais je suis incapable de r\u00e9diger un texte court et coh\u00e9rent sur des sujets familiers tels que mes conditions de vie, mon travail, ma famille, etc.<\/td>\n<\/tr>\n<tr style=\"background-color: #ddeafa\">\n<td width=\"15%\">\n<p align=\"center\">Niveau 6<\/p>\n<\/td>\n<td width=\"80%\">\n<div>Je comprends la plupart des id\u00e9es v\u00e9hicul\u00e9es dans les divers m\u00e9dias. Par moments, toutefois, j\u2019ai de la difficult\u00e9 \u00e0 comprendre les expressions idiomatiques ainsi que le vocabulaire formel. Je peux communiquer ma pens\u00e9e de fa\u00e7on claire et pr\u00e9cise par rapport \u00e0 plusieurs sujets, mais il me faut \u00e9largir mon vocabulaire afin d\u2019\u00eatre capable d\u2019exprimer des id\u00e9es plus complexes. J\u2019ai une bonne connaissance des structures grammaticales, mais je crois avoir besoin de mettre en application toutes les connaissances apprises jusqu\u2019ici, ce en \u00e9crivant et en parlant de fa\u00e7on plus naturelle et plus fluide.<\/div>\n<\/td>\n<\/tr>\n<\/tbody>\n<\/table><\/div><\/div>\n","protected":false},"excerpt":{"rendered":"","protected":false},"author":17,"featured_media":0,"parent":0,"menu_order":0,"comment_status":"closed","ping_status":"closed","template":"","meta":{"footnotes":""},"class_list":["post-116","page","type-page","status-publish","hentry"],"_links":{"self":[{"href":"https:\/\/www.dawsoncollege.qc.ca\/ctd\/wp-json\/wp\/v2\/pages\/116","targetHints":{"allow":["GET"]}}],"collection":[{"href":"https:\/\/www.dawsoncollege.qc.ca\/ctd\/wp-json\/wp\/v2\/pages"}],"about":[{"href":"https:\/\/www.dawsoncollege.qc.ca\/ctd\/wp-json\/wp\/v2\/types\/page"}],"author":[{"embeddable":true,"href":"https:\/\/www.dawsoncollege.qc.ca\/ctd\/wp-json\/wp\/v2\/users\/17"}],"replies":[{"embeddable":true,"href":"https:\/\/www.dawsoncollege.qc.ca\/ctd\/wp-json\/wp\/v2\/comments?post=116"}],"version-history":[{"count":12,"href":"https:\/\/www.dawsoncollege.qc.ca\/ctd\/wp-json\/wp\/v2\/pages\/116\/revisions"}],"predecessor-version":[{"id":44447,"href":"https:\/\/www.dawsoncollege.qc.ca\/ctd\/wp-json\/wp\/v2\/pages\/116\/revisions\/44447"}],"wp:attachment":[{"href":"https:\/\/www.dawsoncollege.qc.ca\/ctd\/wp-json\/wp\/v2\/media?parent=116"}],"curies":[{"name":"wp","href":"https:\/\/api.w.org\/{rel}","templated":true}]}}