{"id":5189,"date":"2017-03-20T14:40:54","date_gmt":"2017-03-20T18:40:54","guid":{"rendered":"https:\/\/www.dawsoncollege.qc.ca\/ctd\/?page_id=5189"},"modified":"2024-01-18T13:16:23","modified_gmt":"2024-01-18T18:16:23","slug":"test-de-classement-2","status":"publish","type":"page","link":"https:\/\/www.dawsoncollege.qc.ca\/ctd\/language-self-evaluation-tests\/test-de-classement-2\/","title":{"rendered":"Test de classement #2"},"content":{"rendered":"<div data-wg-notranslate><p><script type=\"text\/javascript\">\n\/* <![CDATA[ *\/\nvar gform;gform||(document.addEventListener(\"gform_main_scripts_loaded\",function(){gform.scriptsLoaded=!0}),document.addEventListener(\"gform\/theme\/scripts_loaded\",function(){gform.themeScriptsLoaded=!0}),window.addEventListener(\"DOMContentLoaded\",function(){gform.domLoaded=!0}),gform={domLoaded:!1,scriptsLoaded:!1,themeScriptsLoaded:!1,isFormEditor:()=>\"function\"==typeof InitializeEditor,callIfLoaded:function(o){return!(!gform.domLoaded||!gform.scriptsLoaded||!gform.themeScriptsLoaded&&!gform.isFormEditor()||(gform.isFormEditor()&&console.warn(\"The use of gform.initializeOnLoaded() is deprecated in the form editor context and will be removed in Gravity Forms 3.1.\"),o(),0))},initializeOnLoaded:function(o){gform.callIfLoaded(o)||(document.addEventListener(\"gform_main_scripts_loaded\",()=>{gform.scriptsLoaded=!0,gform.callIfLoaded(o)}),document.addEventListener(\"gform\/theme\/scripts_loaded\",()=>{gform.themeScriptsLoaded=!0,gform.callIfLoaded(o)}),window.addEventListener(\"DOMContentLoaded\",()=>{gform.domLoaded=!0,gform.callIfLoaded(o)}))},hooks:{action:{},filter:{}},addAction:function(o,r,e,t){gform.addHook(\"action\",o,r,e,t)},addFilter:function(o,r,e,t){gform.addHook(\"filter\",o,r,e,t)},doAction:function(o){gform.doHook(\"action\",o,arguments)},applyFilters:function(o){return gform.doHook(\"filter\",o,arguments)},removeAction:function(o,r){gform.removeHook(\"action\",o,r)},removeFilter:function(o,r,e){gform.removeHook(\"filter\",o,r,e)},addHook:function(o,r,e,t,n){null==gform.hooks[o][r]&&(gform.hooks[o][r]=[]);var d=gform.hooks[o][r];null==n&&(n=r+\"_\"+d.length),gform.hooks[o][r].push({tag:n,callable:e,priority:t=null==t?10:t})},doHook:function(r,o,e){var t;if(e=Array.prototype.slice.call(e,1),null!=gform.hooks[r][o]&&((o=gform.hooks[r][o]).sort(function(o,r){return o.priority-r.priority}),o.forEach(function(o){\"function\"!=typeof(t=o.callable)&&(t=window[t]),\"action\"==r?t.apply(null,e):e[0]=t.apply(null,e)})),\"filter\"==r)return e[0]},removeHook:function(o,r,t,n){var e;null!=gform.hooks[o][r]&&(e=(e=gform.hooks[o][r]).filter(function(o,r,e){return!!(null!=n&&n!=o.tag||null!=t&&t!=o.priority)}),gform.hooks[o][r]=e)}});\n\/* ]]> *\/\n<\/script>\n\n                <div class='gf_browser_gecko gform_wrapper gform_legacy_markup_wrapper gform-theme--no-framework' data-form-theme='legacy' data-form-index='0' id='gform_wrapper_19' ><form method='post' enctype='multipart\/form-data'  id='gform_19'  action='\/ctd\/wp-json\/wp\/v2\/pages\/5189' data-formid='19' novalidate>\n                        <div class='gform-body gform_body'><ul id='gform_fields_19' class='gform_fields top_label form_sublabel_below description_below validation_below'><li id=\"field_19_1\" class=\"gfield gfield--type-html gfield_html gfield_html_formatted gfield_no_follows_desc field_sublabel_below gfield--no-description field_description_below field_validation_below gfield_visibility_visible\"  >Questionnaire # 2 \u2013 Si vous avez de la difficult\u00e9 \u00e0 r\u00e9pondre \u00e0 ces questions, inscrivez-vous au Niveau 2. Si vous avez r\u00e9pondu \u00e0 75 % de ces questions, sans difficult\u00e9, continuez en allant au <a href=\"https:\/\/www.dawsoncollege.qc.ca\/ctd\/language-self-evaluation-tests\/test-de-classement-3\/\">Questionnaire # 3<\/a>.<\/li><li id=\"field_19_2\" class=\"gfield gfield--type-quiz gfield--type-choice gfield--input-type-radio field_sublabel_below gfield--no-description field_description_below field_validation_below gfield_visibility_visible gquiz-field \"  data-field-class=\"gquiz-field\" ><label class='gfield_label gform-field-label' >J\u2019habite \u00e0 Montr\u00e9al __________ 2 ans<\/label><div class='ginput_container ginput_container_radio'><ul class='gfield_radio' id='input_19_2'>\n\t\t\t<li class='gchoice gchoice_19_2_0'>\n\t\t\t\t<input name='input_2' type='radio' value='gquiz2d06f9263'  id='choice_19_2_0'    \/>\n\t\t\t\t<label for='choice_19_2_0' id='label_19_2_0' class='gform-field-label gform-field-label--type-inline'>il y a<\/label>\n\t\t\t<\/li>\n\t\t\t<li class='gchoice gchoice_19_2_1'>\n\t\t\t\t<input name='input_2' type='radio' value='gquiz2ba73ec8b'  id='choice_19_2_1'    \/>\n\t\t\t\t<label for='choice_19_2_1' id='label_19_2_1' class='gform-field-label gform-field-label--type-inline'>pour<\/label>\n\t\t\t<\/li>\n\t\t\t<li class='gchoice gchoice_19_2_2'>\n\t\t\t\t<input name='input_2' type='radio' value='gquiz274a9fb48'  id='choice_19_2_2'    \/>\n\t\t\t\t<label for='choice_19_2_2' id='label_19_2_2' class='gform-field-label gform-field-label--type-inline'>depuis<\/label>\n\t\t\t<\/li><\/ul><\/div><\/li><li id=\"field_19_3\" class=\"gfield gfield--type-quiz gfield--type-choice gfield--input-type-radio field_sublabel_below gfield--no-description field_description_below field_validation_below gfield_visibility_visible gquiz-field \"  data-field-class=\"gquiz-field\" ><label class='gfield_label gform-field-label' >Comment allez-vous au travail ? J\u2019y vais __________ m\u00e9tro.<\/label><div class='ginput_container ginput_container_radio'><ul class='gfield_radio' id='input_19_3'>\n\t\t\t<li class='gchoice gchoice_19_3_0'>\n\t\t\t\t<input name='input_3' type='radio' value='gquiz3358ae2f2'  id='choice_19_3_0'    \/>\n\t\t\t\t<label for='choice_19_3_0' id='label_19_3_0' class='gform-field-label gform-field-label--type-inline'>avec le<\/label>\n\t\t\t<\/li>\n\t\t\t<li class='gchoice gchoice_19_3_1'>\n\t\t\t\t<input name='input_3' type='radio' value='gquiz319f63a33'  id='choice_19_3_1'    \/>\n\t\t\t\t<label for='choice_19_3_1' id='label_19_3_1' class='gform-field-label gform-field-label--type-inline'>\u00e0<\/label>\n\t\t\t<\/li>\n\t\t\t<li class='gchoice gchoice_19_3_2'>\n\t\t\t\t<input name='input_3' type='radio' value='gquiz3756879d7'  id='choice_19_3_2'    \/>\n\t\t\t\t<label for='choice_19_3_2' id='label_19_3_2' class='gform-field-label gform-field-label--type-inline'>en<\/label>\n\t\t\t<\/li><\/ul><\/div><\/li><li id=\"field_19_4\" class=\"gfield gfield--type-quiz gfield--type-choice gfield--input-type-radio field_sublabel_below gfield--no-description field_description_below field_validation_below gfield_visibility_visible gquiz-field \"  data-field-class=\"gquiz-field\" ><label class='gfield_label gform-field-label' >Je __________ des jeux vid\u00e9o le vendredi soir.<\/label><div class='ginput_container ginput_container_radio'><ul class='gfield_radio' id='input_19_4'>\n\t\t\t<li class='gchoice gchoice_19_4_0'>\n\t\t\t\t<input name='input_4' type='radio' value='gquiz4e1d7020d'  id='choice_19_4_0'    \/>\n\t\t\t\t<label for='choice_19_4_0' id='label_19_4_0' class='gform-field-label gform-field-label--type-inline'>joue<\/label>\n\t\t\t<\/li>\n\t\t\t<li class='gchoice gchoice_19_4_1'>\n\t\t\t\t<input name='input_4' type='radio' value='gquiz4f69a1df0'  id='choice_19_4_1'    \/>\n\t\t\t\t<label for='choice_19_4_1' id='label_19_4_1' class='gform-field-label gform-field-label--type-inline'>joue \u00e0<\/label>\n\t\t\t<\/li>\n\t\t\t<li class='gchoice gchoice_19_4_2'>\n\t\t\t\t<input name='input_4' type='radio' value='gquiz4f9fe7a44'  id='choice_19_4_2'    \/>\n\t\t\t\t<label for='choice_19_4_2' id='label_19_4_2' class='gform-field-label gform-field-label--type-inline'>fais<\/label>\n\t\t\t<\/li><\/ul><\/div><\/li><li id=\"field_19_5\" class=\"gfield gfield--type-quiz gfield--type-choice gfield--input-type-radio field_sublabel_below gfield--no-description field_description_below field_validation_below gfield_visibility_visible gquiz-field \"  data-field-class=\"gquiz-field\" ><label class='gfield_label gform-field-label' >La semaine prochaine, tu vas aller___________ m\u00e9decin.<\/label><div class='ginput_container ginput_container_radio'><ul class='gfield_radio' id='input_19_5'>\n\t\t\t<li class='gchoice gchoice_19_5_0'>\n\t\t\t\t<input name='input_5' type='radio' value='gquiz5b0050f5a'  id='choice_19_5_0'    \/>\n\t\t\t\t<label for='choice_19_5_0' id='label_19_5_0' class='gform-field-label gform-field-label--type-inline'>chez le<\/label>\n\t\t\t<\/li>\n\t\t\t<li class='gchoice gchoice_19_5_1'>\n\t\t\t\t<input name='input_5' type='radio' value='gquiz5079eb5e5'  id='choice_19_5_1'    \/>\n\t\t\t\t<label for='choice_19_5_1' id='label_19_5_1' class='gform-field-label gform-field-label--type-inline'>au<\/label>\n\t\t\t<\/li>\n\t\t\t<li class='gchoice gchoice_19_5_2'>\n\t\t\t\t<input name='input_5' type='radio' value='gquiz595bb77d0'  id='choice_19_5_2'    \/>\n\t\t\t\t<label for='choice_19_5_2' id='label_19_5_2' class='gform-field-label gform-field-label--type-inline'>chez<\/label>\n\t\t\t<\/li><\/ul><\/div><\/li><li id=\"field_19_6\" class=\"gfield gfield--type-quiz gfield--type-choice gfield--input-type-radio field_sublabel_below gfield--no-description field_description_below field_validation_below gfield_visibility_visible gquiz-field \"  data-field-class=\"gquiz-field\" ><label class='gfield_label gform-field-label' >Demain, __________ manger au restaurant avec mon ami.<\/label><div class='ginput_container ginput_container_radio'><ul class='gfield_radio' id='input_19_6'>\n\t\t\t<li class='gchoice gchoice_19_6_0'>\n\t\t\t\t<input name='input_6' type='radio' value='gquiz64c9e81b0'  id='choice_19_6_0'    \/>\n\t\t\t\t<label for='choice_19_6_0' id='label_19_6_0' class='gform-field-label gform-field-label--type-inline'>je va aller<\/label>\n\t\t\t<\/li>\n\t\t\t<li class='gchoice gchoice_19_6_1'>\n\t\t\t\t<input name='input_6' type='radio' value='gquiz69fbcb7fc'  id='choice_19_6_1'    \/>\n\t\t\t\t<label for='choice_19_6_1' id='label_19_6_1' class='gform-field-label gform-field-label--type-inline'>je va<\/label>\n\t\t\t<\/li>\n\t\t\t<li class='gchoice gchoice_19_6_2'>\n\t\t\t\t<input name='input_6' type='radio' value='gquiz6c35d140b'  id='choice_19_6_2'    \/>\n\t\t\t\t<label for='choice_19_6_2' id='label_19_6_2' class='gform-field-label gform-field-label--type-inline'>je vais aller<\/label>\n\t\t\t<\/li><\/ul><\/div><\/li><li id=\"field_19_7\" class=\"gfield gfield--type-quiz gfield--type-choice gfield--input-type-radio field_sublabel_below gfield--no-description field_description_below field_validation_below gfield_visibility_visible gquiz-field \"  data-field-class=\"gquiz-field\" ><label class='gfield_label gform-field-label' >J\u2019ai mal __________ \u00e9paule gauche depuis ce matin.<\/label><div class='ginput_container ginput_container_radio'><ul class='gfield_radio' id='input_19_7'>\n\t\t\t<li class='gchoice gchoice_19_7_0'>\n\t\t\t\t<input name='input_7' type='radio' value='gquiz7ec963a72'  id='choice_19_7_0'    \/>\n\t\t\t\t<label for='choice_19_7_0' id='label_19_7_0' class='gform-field-label gform-field-label--type-inline'>\u00e0 l\u2019<\/label>\n\t\t\t<\/li>\n\t\t\t<li class='gchoice gchoice_19_7_1'>\n\t\t\t\t<input name='input_7' type='radio' value='gquiz713b56e27'  id='choice_19_7_1'    \/>\n\t\t\t\t<label for='choice_19_7_1' id='label_19_7_1' class='gform-field-label gform-field-label--type-inline'>\u00e0 la<\/label>\n\t\t\t<\/li>\n\t\t\t<li class='gchoice gchoice_19_7_2'>\n\t\t\t\t<input name='input_7' type='radio' value='gquiz7b48e5bc1'  id='choice_19_7_2'    \/>\n\t\t\t\t<label for='choice_19_7_2' id='label_19_7_2' class='gform-field-label gform-field-label--type-inline'>de la<\/label>\n\t\t\t<\/li><\/ul><\/div><\/li><li id=\"field_19_8\" class=\"gfield gfield--type-quiz gfield--type-choice gfield--input-type-radio field_sublabel_below gfield--no-description field_description_below field_validation_below gfield_visibility_visible gquiz-field \"  data-field-class=\"gquiz-field\" ><label class='gfield_label gform-field-label' >Lundi prochain, je __________ un cours de fran\u00e7ais au Coll\u00e8ge Dawson<\/label><div class='ginput_container ginput_container_radio'><ul class='gfield_radio' id='input_19_8'>\n\t\t\t<li class='gchoice gchoice_19_8_0'>\n\t\t\t\t<input name='input_8' type='radio' value='gquiz88d72280f'  id='choice_19_8_0'    \/>\n\t\t\t\t<label for='choice_19_8_0' id='label_19_8_0' class='gform-field-label gform-field-label--type-inline'>ai commenc\u00e9<\/label>\n\t\t\t<\/li>\n\t\t\t<li class='gchoice gchoice_19_8_1'>\n\t\t\t\t<input name='input_8' type='radio' value='gquiz8afcd93b4'  id='choice_19_8_1'    \/>\n\t\t\t\t<label for='choice_19_8_1' id='label_19_8_1' class='gform-field-label gform-field-label--type-inline'>commencer<\/label>\n\t\t\t<\/li>\n\t\t\t<li class='gchoice gchoice_19_8_2'>\n\t\t\t\t<input name='input_8' type='radio' value='gquiz82e85cf94'  id='choice_19_8_2'    \/>\n\t\t\t\t<label for='choice_19_8_2' id='label_19_8_2' class='gform-field-label gform-field-label--type-inline'>vais commencer<\/label>\n\t\t\t<\/li><\/ul><\/div><\/li><li id=\"field_19_9\" class=\"gfield gfield--type-quiz gfield--type-choice gfield--input-type-radio field_sublabel_below gfield--no-description field_description_below field_validation_below gfield_visibility_visible gquiz-field \"  data-field-class=\"gquiz-field\" ><label class='gfield_label gform-field-label' >Pour les prochaines vacances, nous __________ au Mexique.<\/label><div class='ginput_container ginput_container_radio'><ul class='gfield_radio' id='input_19_9'>\n\t\t\t<li class='gchoice gchoice_19_9_0'>\n\t\t\t\t<input name='input_9' type='radio' value='gquiz9c1974688'  id='choice_19_9_0'    \/>\n\t\t\t\t<label for='choice_19_9_0' id='label_19_9_0' class='gform-field-label gform-field-label--type-inline'>allons aller<\/label>\n\t\t\t<\/li>\n\t\t\t<li class='gchoice gchoice_19_9_1'>\n\t\t\t\t<input name='input_9' type='radio' value='gquiz9f9839b71'  id='choice_19_9_1'    \/>\n\t\t\t\t<label for='choice_19_9_1' id='label_19_9_1' class='gform-field-label gform-field-label--type-inline'>vont aller<\/label>\n\t\t\t<\/li>\n\t\t\t<li class='gchoice gchoice_19_9_2'>\n\t\t\t\t<input name='input_9' type='radio' value='gquiz9fd330e3f'  id='choice_19_9_2'    \/>\n\t\t\t\t<label for='choice_19_9_2' id='label_19_9_2' class='gform-field-label gform-field-label--type-inline'>allons all\u00e9s<\/label>\n\t\t\t<\/li><\/ul><\/div><\/li><li id=\"field_19_10\" class=\"gfield gfield--type-quiz gfield--type-choice gfield--input-type-radio field_sublabel_below gfield--no-description field_description_below field_validation_below gfield_visibility_visible gquiz-field \"  data-field-class=\"gquiz-field\" ><label class='gfield_label gform-field-label' >J\u2019adore manger des sandwichs __________ oeufs.<\/label><div class='ginput_container ginput_container_radio'><ul class='gfield_radio' id='input_19_10'>\n\t\t\t<li class='gchoice gchoice_19_10_0'>\n\t\t\t\t<input name='input_10' type='radio' value='gquiz10e5b0d0fe'  id='choice_19_10_0'    \/>\n\t\t\t\t<label for='choice_19_10_0' id='label_19_10_0' class='gform-field-label gform-field-label--type-inline'>aux<\/label>\n\t\t\t<\/li>\n\t\t\t<li class='gchoice gchoice_19_10_1'>\n\t\t\t\t<input name='input_10' type='radio' value='gquiz10d8cbacb1'  id='choice_19_10_1'    \/>\n\t\t\t\t<label for='choice_19_10_1' id='label_19_10_1' class='gform-field-label gform-field-label--type-inline'>des<\/label>\n\t\t\t<\/li>\n\t\t\t<li class='gchoice gchoice_19_10_2'>\n\t\t\t\t<input name='input_10' type='radio' value='gquiz1025607b43'  id='choice_19_10_2'    \/>\n\t\t\t\t<label for='choice_19_10_2' id='label_19_10_2' class='gform-field-label gform-field-label--type-inline'>d'<\/label>\n\t\t\t<\/li><\/ul><\/div><\/li><li id=\"field_19_11\" class=\"gfield gfield--type-quiz gfield--type-choice gfield--input-type-radio field_sublabel_below gfield--no-description field_description_below field_validation_below gfield_visibility_visible gquiz-field \"  data-field-class=\"gquiz-field\" ><label class='gfield_label gform-field-label' >__________ est le plat typique de votre pays d\u2019origine?<\/label><div class='ginput_container ginput_container_radio'><ul class='gfield_radio' id='input_19_11'>\n\t\t\t<li class='gchoice gchoice_19_11_0'>\n\t\t\t\t<input name='input_11' type='radio' value='gquiz11b1e4e902'  id='choice_19_11_0'    \/>\n\t\t\t\t<label for='choice_19_11_0' id='label_19_11_0' class='gform-field-label gform-field-label--type-inline'>Quelle<\/label>\n\t\t\t<\/li>\n\t\t\t<li class='gchoice gchoice_19_11_1'>\n\t\t\t\t<input name='input_11' type='radio' value='gquiz1191300b9c'  id='choice_19_11_1'    \/>\n\t\t\t\t<label for='choice_19_11_1' id='label_19_11_1' class='gform-field-label gform-field-label--type-inline'>Quels<\/label>\n\t\t\t<\/li>\n\t\t\t<li class='gchoice gchoice_19_11_2'>\n\t\t\t\t<input name='input_11' type='radio' value='gquiz11e3f356f3'  id='choice_19_11_2'    \/>\n\t\t\t\t<label for='choice_19_11_2' id='label_19_11_2' class='gform-field-label gform-field-label--type-inline'>Quel<\/label>\n\t\t\t<\/li><\/ul><\/div><\/li><li id=\"field_19_12\" class=\"gfield gfield--type-captcha field_sublabel_below gfield--no-description field_description_below field_validation_below gfield_visibility_visible\"  ><label class='gfield_label gform-field-label' for='input_19_12'>CAPTCHA<\/label><div id='input_19_12' class='ginput_container ginput_recaptcha' data-sitekey='6LdcyZ4aAAAAAGTjZNbfp7RrJpBpzAh17X8gUNxI'  data-theme='light' data-tabindex='0'  data-badge=''><\/div><\/li><\/ul><\/div>\n        <div class='gform-footer gform_footer top_label'> <input type='submit' id='gform_submit_button_19' class='gform_button button' onclick='gform.submission.handleButtonClick(this);' data-submission-type='submit' value='Submit'  \/> \n            <input type='hidden' class='gform_hidden' name='gform_submission_method' data-js='gform_submission_method_19' value='postback' \/>\n            <input type='hidden' class='gform_hidden' name='gform_theme' data-js='gform_theme_19' id='gform_theme_19' value='legacy' \/>\n            <input type='hidden' class='gform_hidden' name='gform_style_settings' data-js='gform_style_settings_19' id='gform_style_settings_19' value='[]' \/>\n            <input type='hidden' class='gform_hidden' name='is_submit_19' value='1' \/>\n            <input type='hidden' class='gform_hidden' name='gform_submit' value='19' \/>\n            \n            <input type='hidden' class='gform_hidden' name='gform_unique_id' value='' \/>\n            <input type='hidden' class='gform_hidden' name='state_19' value='WyJbXSIsIjc5ZTNmODFjZmM4ZTEyZjNlNjQ0NTllOWQ1MjJkZDUwIl0=' \/>\n            <input type='hidden' autocomplete='off' class='gform_hidden' name='gform_target_page_number_19' id='gform_target_page_number_19' value='0' \/>\n            <input type='hidden' autocomplete='off' class='gform_hidden' name='gform_source_page_number_19' id='gform_source_page_number_19' value='1' \/>\n            <input type='hidden' name='gform_field_values' value='' \/>\n            \n        <\/div>\n                        <\/form>\n                        <\/div><script type=\"text\/javascript\">\n\/* <![CDATA[ *\/\n gform.initializeOnLoaded( function() {gformInitSpinner( 19, 'https:\/\/www.dawsoncollege.qc.ca\/ctd\/wp-content\/plugins\/gravityforms\/images\/spinner.svg', true );jQuery('#gform_ajax_frame_19').on('load',function(){var contents = jQuery(this).contents().find('*').html();var is_postback = contents.indexOf('GF_AJAX_POSTBACK') >= 0;if(!is_postback){return;}var form_content = jQuery(this).contents().find('#gform_wrapper_19');var is_confirmation = jQuery(this).contents().find('#gform_confirmation_wrapper_19').length > 0;var is_redirect = contents.indexOf('gformRedirect(){') >= 0;var is_form = form_content.length > 0 && ! is_redirect && ! is_confirmation;var mt = parseInt(jQuery('html').css('margin-top'), 10) + parseInt(jQuery('body').css('margin-top'), 10) + 100;if(is_form){jQuery('#gform_wrapper_19').html(form_content.html());if(form_content.hasClass('gform_validation_error')){jQuery('#gform_wrapper_19').addClass('gform_validation_error');} else {jQuery('#gform_wrapper_19').removeClass('gform_validation_error');}setTimeout( function() { \/* delay the scroll by 50 milliseconds to fix a bug in chrome *\/  }, 50 );if(window['gformInitDatepicker']) {gformInitDatepicker();}if(window['gformInitPriceFields']) {gformInitPriceFields();}var current_page = jQuery('#gform_source_page_number_19').val();gformInitSpinner( 19, 'https:\/\/www.dawsoncollege.qc.ca\/ctd\/wp-content\/plugins\/gravityforms\/images\/spinner.svg', true );jQuery(document).trigger('gform_page_loaded', [19, current_page]);window['gf_submitting_19'] = false;}else if(!is_redirect){var confirmation_content = jQuery(this).contents().find('.GF_AJAX_POSTBACK').html();if(!confirmation_content){confirmation_content = contents;}jQuery('#gform_wrapper_19').replaceWith(confirmation_content);jQuery(document).trigger('gform_confirmation_loaded', [19]);window['gf_submitting_19'] = false;wp.a11y.speak(jQuery('#gform_confirmation_message_19').text());}else{jQuery('#gform_19').append(contents);if(window['gformRedirect']) {gformRedirect();}}jQuery(document).trigger(\"gform_pre_post_render\", [{ formId: \"19\", currentPage: \"current_page\", abort: function() { this.preventDefault(); } }]);        if (event && event.defaultPrevented) {                return;        }        const gformWrapperDiv = document.getElementById( \"gform_wrapper_19\" );        if ( gformWrapperDiv ) {            const visibilitySpan = document.createElement( \"span\" );            visibilitySpan.id = \"gform_visibility_test_19\";            gformWrapperDiv.insertAdjacentElement( \"afterend\", visibilitySpan );        }        const visibilityTestDiv = document.getElementById( \"gform_visibility_test_19\" );        let postRenderFired = false;        function triggerPostRender() {            if ( postRenderFired ) {                return;            }            postRenderFired = true;            gform.core.triggerPostRenderEvents( 19, current_page );            if ( visibilityTestDiv ) {                visibilityTestDiv.parentNode.removeChild( visibilityTestDiv );            }        }        function debounce( func, wait, immediate ) {            var timeout;            return function() {                var context = this, args = arguments;                var later = function() {                    timeout = null;                    if ( !immediate ) func.apply( context, args );                };                var callNow = immediate && !timeout;                clearTimeout( timeout );                timeout = setTimeout( later, wait );                if ( callNow ) func.apply( context, args );            };        }        const debouncedTriggerPostRender = debounce( function() {            triggerPostRender();        }, 200 );        if ( visibilityTestDiv && visibilityTestDiv.offsetParent === null ) {            const observer = new MutationObserver( ( mutations ) => {                mutations.forEach( ( mutation ) => {                    if ( mutation.type === 'attributes' && visibilityTestDiv.offsetParent !== null ) {                        debouncedTriggerPostRender();                        observer.disconnect();                    }                });            });            observer.observe( document.body, {                attributes: true,                childList: false,                subtree: true,                attributeFilter: [ 'style', 'class' ],            });        } else {            triggerPostRender();        }    } );} ); \n\/* ]]> *\/\n<\/script>\n<\/p>\n<\/div>\n","protected":false},"excerpt":{"rendered":"","protected":false},"author":16,"featured_media":0,"parent":116,"menu_order":0,"comment_status":"closed","ping_status":"closed","template":"","meta":{"footnotes":""},"class_list":["post-5189","page","type-page","status-publish","hentry"],"_links":{"self":[{"href":"https:\/\/www.dawsoncollege.qc.ca\/ctd\/wp-json\/wp\/v2\/pages\/5189","targetHints":{"allow":["GET"]}}],"collection":[{"href":"https:\/\/www.dawsoncollege.qc.ca\/ctd\/wp-json\/wp\/v2\/pages"}],"about":[{"href":"https:\/\/www.dawsoncollege.qc.ca\/ctd\/wp-json\/wp\/v2\/types\/page"}],"author":[{"embeddable":true,"href":"https:\/\/www.dawsoncollege.qc.ca\/ctd\/wp-json\/wp\/v2\/users\/16"}],"replies":[{"embeddable":true,"href":"https:\/\/www.dawsoncollege.qc.ca\/ctd\/wp-json\/wp\/v2\/comments?post=5189"}],"version-history":[{"count":4,"href":"https:\/\/www.dawsoncollege.qc.ca\/ctd\/wp-json\/wp\/v2\/pages\/5189\/revisions"}],"predecessor-version":[{"id":34567,"href":"https:\/\/www.dawsoncollege.qc.ca\/ctd\/wp-json\/wp\/v2\/pages\/5189\/revisions\/34567"}],"up":[{"embeddable":true,"href":"https:\/\/www.dawsoncollege.qc.ca\/ctd\/wp-json\/wp\/v2\/pages\/116"}],"wp:attachment":[{"href":"https:\/\/www.dawsoncollege.qc.ca\/ctd\/wp-json\/wp\/v2\/media?parent=5189"}],"curies":[{"name":"wp","href":"https:\/\/api.w.org\/{rel}","templated":true}]}}