{"id":653,"date":"2023-02-27T17:31:09","date_gmt":"2023-02-27T22:31:09","guid":{"rendered":"https:\/\/www.dawsoncollege.qc.ca\/golf\/?page_id=653"},"modified":"2023-06-06T09:35:44","modified_gmt":"2023-06-06T13:35:44","slug":"invitees-et-commandites","status":"publish","type":"page","link":"https:\/\/www.dawsoncollege.qc.ca\/golf\/invitees-et-commandites\/","title":{"rendered":"Invit\u00e9(e)s &#038; commandites"},"content":{"rendered":"<h2>Invit\u00e9s speciaux<\/h2>\n<h3>Fr\u00e9d\u00e9rique Guay, Pr\u00e9sidente d&#8217;honneur<\/h3>\n<figure id=\"attachment_663\" aria-describedby=\"caption-attachment-663\" style=\"width: 225px\" class=\"wp-caption alignleft\"><img loading=\"lazy\" decoding=\"async\" class=\" wp-image-663\" src=\"https:\/\/www.dawsoncollege.qc.ca\/golf\/wp-content\/uploads\/sites\/171\/Unknown.jpeg\" alt=\"Fr\u00e9d\u00e9rique Guay\" width=\"225\" height=\"201\" srcset=\"https:\/\/www.dawsoncollege.qc.ca\/golf\/wp-content\/uploads\/sites\/171\/Unknown.jpeg 1145w, https:\/\/www.dawsoncollege.qc.ca\/golf\/wp-content\/uploads\/sites\/171\/Unknown-718x640.jpeg 718w, https:\/\/www.dawsoncollege.qc.ca\/golf\/wp-content\/uploads\/sites\/171\/Unknown-1078x960.jpeg 1078w, https:\/\/www.dawsoncollege.qc.ca\/golf\/wp-content\/uploads\/sites\/171\/Unknown-768x684.jpeg 768w\" sizes=\"auto, (max-width: 225px) 100vw, 225px\" \/><figcaption id=\"caption-attachment-663\" class=\"wp-caption-text\"><em>Fr\u00e9d\u00e9rique Guay<\/em><\/figcaption><\/figure>\n<p>Apr\u00e8s des \u00e9tudes en droit, Fr\u00e9d\u00e9rique d\u00e9cide d\u2019\u00e9tudier la radio et la t\u00e9l\u00e9vision. Elle se d\u00e9couvre une passion pour le journalisme sportif en r\u00e9alisant des reportages culturels et r\u00e9alise son premier reportage pour RDS \u00e0 25 ans.<\/p>\n<p>Aujourd\u2019hui, Fr\u00e9d\u00e9rique est une journaliste reconnue de TVA Nouvelles et une animatrice sportive de TVA Sports. Elle est \u00e9galement chef d\u2019antenne de l\u2019\u00e9dition de fin de semaine de Qu\u00e9bec matin \u00e0 LCN. Assoiff\u00e9e de connaissances, elle s\u2019int\u00e9resse aussi bien au sport qu\u2019\u00e0 la politique internationale. Elle nourrit \u00e9galement une grande passion pour le \u00abfitness\u00bb et la nutrition.<\/p>\n<h3>Christine Long, Animatrice<\/h3>\n<figure id=\"attachment_661\" aria-describedby=\"caption-attachment-661\" style=\"width: 203px\" class=\"wp-caption alignleft\"><img loading=\"lazy\" decoding=\"async\" class=\" wp-image-661\" src=\"https:\/\/www.dawsoncollege.qc.ca\/golf\/wp-content\/uploads\/sites\/171\/image-e1678399600421.jpg\" alt=\"Photo of journalist Christine Long\" width=\"203\" height=\"295\" \/><figcaption id=\"caption-attachment-661\" class=\"wp-caption-text\"><em>Christine Long<\/em><\/figcaption><\/figure>\n<p>La qu\u00eate d\u2019aventure de Christine Long a conduit la journaliste \u00e0 faire le tour du monde. Apr\u00e8s avoir travaill\u00e9 comme photographe au Canada et en Angleterre, elle a poursuivi des \u00e9tudes en anglais et en communication, ainsi qu\u2019en gestion des relations publiques \u00e0 l\u2019universit\u00e9 McGill.<\/p>\n<p>Apr\u00e8s s\u2019\u00eatre engag\u00e9e dans les Forces canadiennes et avoir travaill\u00e9 comme DJ \u00e0 temps partiel, elle s\u2019est install\u00e9e \u00e0 Tokyo pendant deux ans, o\u00f9 elle a travaill\u00e9 \u00e0 la radio et voyag\u00e9 dans toute l\u2019Asie. Au cours des 20 derni\u00e8res ann\u00e9es, elle a travaill\u00e9 \u00e0 CTV Montr\u00e9al en tant que journaliste et productrice dans le domaine des arts et du divertissement, tout en soutenant des organisations caritatives et en \u00e9levant deux adolescents.<\/p>\n<br style=\"clear:both;\"\/>\n<h3>Larry Robinson<\/h3>\n<figure id=\"attachment_665\" aria-describedby=\"caption-attachment-665\" style=\"width: 250px\" class=\"wp-caption alignleft\"><img loading=\"lazy\" decoding=\"async\" class=\"wp-image-665\" src=\"https:\/\/www.dawsoncollege.qc.ca\/golf\/wp-content\/uploads\/sites\/171\/Image-scaled.jpeg\" alt=\"photo of Larry Robinson\" width=\"250\" height=\"290\" srcset=\"https:\/\/www.dawsoncollege.qc.ca\/golf\/wp-content\/uploads\/sites\/171\/Image-scaled.jpeg 1656w, https:\/\/www.dawsoncollege.qc.ca\/golf\/wp-content\/uploads\/sites\/171\/Image-552x640.jpeg 552w, https:\/\/www.dawsoncollege.qc.ca\/golf\/wp-content\/uploads\/sites\/171\/Image-828x960.jpeg 828w, https:\/\/www.dawsoncollege.qc.ca\/golf\/wp-content\/uploads\/sites\/171\/Image-768x891.jpeg 768w, https:\/\/www.dawsoncollege.qc.ca\/golf\/wp-content\/uploads\/sites\/171\/Image-1324x1536.jpeg 1324w, https:\/\/www.dawsoncollege.qc.ca\/golf\/wp-content\/uploads\/sites\/171\/Image-1766x2048.jpeg 1766w\" sizes=\"auto, (max-width: 250px) 100vw, 250px\" \/><figcaption id=\"caption-attachment-665\" class=\"wp-caption-text\"><em>Larry Robinson<\/em><\/figcaption><\/figure>\n<p>Larry Robinson est un ex-joueur et entra\u00eeneur professionnel de hockey sur glace. N\u00e9 en 1951 \u00e0 Winchester, en Ontario, Robinson a jou\u00e9 toute sa carri\u00e8re dans la LNH en tant que d\u00e9fenseur pou<span style=\"font-size: 1.4rem;\">r les Canadiens de Montr\u00e9al de 1972 \u00e0 1989, et trois saisons avec les Kings de Los Angeles jusqu&#8217;en 1992. Au cours de cette p\u00e9riode, il a remport\u00e9 six championnats de la Coupe Stanley et a \u00e9t\u00e9 nomm\u00e9 quatre fois au sein de la premi\u00e8re \u00e9quipe d&#8217;\u00e9toiles de la LNH. Robinson a \u00e9galement \u00e9t\u00e9 membre de l&#8217;\u00e9quipe nationale canadienne et a remport\u00e9 une m\u00e9daille de bronze aux Championnats du monde IIHF de 1978.<\/span><\/p>\n<p>Apr\u00e8s avoir pris sa retraite, Robinson a travaill\u00e9 comme entra\u00eeneur adjoint pour les Devils du New Jersey, qu&#8217;il a aid\u00e9s \u00e0 remporter la Coupe Stanley en 2000 et 2003. Il a ensuite \u00e9t\u00e9 entra\u00eeneur principal des Devils, ainsi que des Los Angeles Kings et des San Jose Sharks. Robinson a \u00e9t\u00e9 intronis\u00e9 au Temple de la renomm\u00e9e du hockey en 1995 et a \u00e9t\u00e9 nomm\u00e9 l&#8217;un des 100 plus grands joueurs de la LNH en 2017.<\/p>\n<p><strong>Le saviez-vous ? Toutes les \u00e9quipes auxquelles Robinson a \u00e9t\u00e9 affili\u00e9 ont soit gagn\u00e9, soit atteint la finale de la Coupe Stanley.<\/strong><\/p>\n<h3>Annie Larouche<\/h3>\n<figure id=\"attachment_662\" aria-describedby=\"caption-attachment-662\" style=\"width: 250px\" class=\"wp-caption alignleft\"><img loading=\"lazy\" decoding=\"async\" class=\"wp-image-662\" src=\"https:\/\/www.dawsoncollege.qc.ca\/golf\/wp-content\/uploads\/sites\/171\/Annie_Larouche-scaled.jpg\" alt=\"Annie Larouche\" width=\"250\" height=\"326\" srcset=\"https:\/\/www.dawsoncollege.qc.ca\/golf\/wp-content\/uploads\/sites\/171\/Annie_Larouche-scaled.jpg 1474w, https:\/\/www.dawsoncollege.qc.ca\/golf\/wp-content\/uploads\/sites\/171\/Annie_Larouche-491x640.jpg 491w, https:\/\/www.dawsoncollege.qc.ca\/golf\/wp-content\/uploads\/sites\/171\/Annie_Larouche-737x960.jpg 737w, https:\/\/www.dawsoncollege.qc.ca\/golf\/wp-content\/uploads\/sites\/171\/Annie_Larouche-768x1000.jpg 768w, https:\/\/www.dawsoncollege.qc.ca\/golf\/wp-content\/uploads\/sites\/171\/Annie_Larouche-1179x1536.jpg 1179w, https:\/\/www.dawsoncollege.qc.ca\/golf\/wp-content\/uploads\/sites\/171\/Annie_Larouche-1572x2048.jpg 1572w, https:\/\/www.dawsoncollege.qc.ca\/golf\/wp-content\/uploads\/sites\/171\/Annie_Larouche-1920x2501.jpg 1920w\" sizes=\"auto, (max-width: 250px) 100vw, 250px\" \/><figcaption id=\"caption-attachment-662\" class=\"wp-caption-text\"><em>Annie Larouche<\/em><\/figcaption><\/figure>\n<p>N\u00e9e \u00e0 Montr\u00e9al, Annie baigne dans le sport professionnel depuis plus de 30 ans. Elle a acquis son exp\u00e9rience professionnelle avec les Alouettes de Montr\u00e9al o\u00f9 elle a occup\u00e9 diff\u00e9rents r\u00f4les pendant 25 ans. Elle a \u00e9galement collabor\u00e9 avec de nombreuses \u00e9quipes sportives \u00e0 Montr\u00e9al au cours de sa carri\u00e8re.<\/p>\n<p>En plus d\u2019\u00eatre \u00e0 la t\u00eate de l\u2019\u00e9quipe de basketball professionnelle \u00e0 Montr\u00e9al, Annie si\u00e8ge sur diff\u00e9rents Conseils d\u2019administration\u00a0: Baseball Qu\u00e9bec, Basketball Montr\u00e9al et elle est pr\u00e9sidente de la F\u00e9d\u00e9ration de Cheerleading du Qc ainsi que de L\u2019Association de parents du Coll\u00e8ge St-Jean-Vianney. Elle est \u00e9galement ambassadrice de l\u2019Espace Leadership F\u00e9minin et mentore pour le Parcours La Rel\u00e8ve au HEC.<\/p>\n<h3>Joel Anthony<\/h3>\n<figure id=\"attachment_723\" aria-describedby=\"caption-attachment-723\" style=\"width: 250px\" class=\"wp-caption alignleft\"><img loading=\"lazy\" decoding=\"async\" class=\"wp-image-723\" src=\"https:\/\/www.dawsoncollege.qc.ca\/golf\/wp-content\/uploads\/sites\/171\/Joel_Anthony-1.jpg\" alt=\"Joel Anthony\" width=\"250\" height=\"290\" srcset=\"https:\/\/www.dawsoncollege.qc.ca\/golf\/wp-content\/uploads\/sites\/171\/Joel_Anthony-1.jpg 1317w, https:\/\/www.dawsoncollege.qc.ca\/golf\/wp-content\/uploads\/sites\/171\/Joel_Anthony-1-552x640.jpg 552w, https:\/\/www.dawsoncollege.qc.ca\/golf\/wp-content\/uploads\/sites\/171\/Joel_Anthony-1-829x960.jpg 829w, https:\/\/www.dawsoncollege.qc.ca\/golf\/wp-content\/uploads\/sites\/171\/Joel_Anthony-1-768x890.jpg 768w\" sizes=\"auto, (max-width: 250px) 100vw, 250px\" \/><figcaption id=\"caption-attachment-723\" class=\"wp-caption-text\"><em>Joel Anthony<\/em><\/figcaption><\/figure>\n<p>Anthony, un v\u00e9t\u00e9ran de 10 ans dans la NBA et deux fois champion de la NBA, natif de Montr\u00e9al a fr\u00e9quent\u00e9 le Coll\u00e8ge Dawson \u00e0 Montr\u00e9al avant d&#8217;obtenir son dipl\u00f4me de l&#8217;Universit\u00e9 du Nevada \u00e0 Las Vegas. Joel a commenc\u00e9 sa carri\u00e8re dans la NBA avec Miami lors de la saison 2007-2008 et a fait partie des \u00e9quipes championnes en 2011-2012 et en 2012-2013. Il a jou\u00e9 avec les Celtics de Boston en 2013-2014, les Pistons de Detroit en 2014-2015 et 2015-2016, et a termin\u00e9 sa carri\u00e8re NBA avec les Spurs de San Antonio en 2016-2017. Au total, Anthony a particip\u00e9 \u00e0 490 matchs de saison r\u00e9guli\u00e8re et 66 matchs de s\u00e9ries \u00e9liminatoires au cours de ses 10 saisons dans la NBA.<\/p>\n<p>&nbsp;<\/p>\n<h3>Val\u00e9rie Sardin<\/h3>\n<img loading=\"lazy\" decoding=\"async\" class=\"wp-image-746 alignleft\" src=\"https:\/\/www.dawsoncollege.qc.ca\/golf\/wp-content\/uploads\/sites\/171\/DSC_6275-scaled-e1683039269163.jpg\" alt=\"Val\u00e9rie Sardin\" width=\"250\" height=\"306\" srcset=\"https:\/\/www.dawsoncollege.qc.ca\/golf\/wp-content\/uploads\/sites\/171\/DSC_6275-scaled-e1683039269163.jpg 940w, https:\/\/www.dawsoncollege.qc.ca\/golf\/wp-content\/uploads\/sites\/171\/DSC_6275-scaled-e1683039269163-523x640.jpg 523w, https:\/\/www.dawsoncollege.qc.ca\/golf\/wp-content\/uploads\/sites\/171\/DSC_6275-scaled-e1683039269163-784x960.jpg 784w, https:\/\/www.dawsoncollege.qc.ca\/golf\/wp-content\/uploads\/sites\/171\/DSC_6275-scaled-e1683039269163-768x940.jpg 768w\" sizes=\"auto, (max-width: 250px) 100vw, 250px\" \/>\n<p>Native de St-Bruno-de-Montarville, Val\u00e9rie Sardin\u00a0s\u2019est d\u2019abord fait remarquer sur le march\u00e9 qu\u00e9b\u00e9cois en remportant le concours de V (anciennement TQS) \u00ab Devenez chroniqueur pour Caf\u00e9ine \u00bb, qui l&#8217;a propuls\u00e9 devant les cam\u00e9ras. Elle a rejoint l\u2019\u00e9quipe de RDS en 2006 et s\u2019est rapidement distingu\u00e9e comme journaliste couvrant le sport amateur. Val\u00e9rie aura eu l\u2019occasion de couvrir plusieurs Jeux du Qu\u00e9bec, les Jeux du Canada, les Jeux Olympiques de Vancouver 2010 et de Londres 2012.<\/p>\n<p>Elle a aussi anim\u00e9\u00a0le crossfit de 2011 \u00e0 2017 RDS. Elle est d\u00e9sormais chroniqueuse des m\u00e9dias sociaux pour le compte du 5 \u00e0 7. Val\u00e9rie est aussi porte-parole pour la Fondation des Canadiens pour l&#8217;Enfance ainsi que pour le D\u00e9fi Famille En Forme.<\/p>\n<h3>Amy Walsh<\/h3>\n<img loading=\"lazy\" decoding=\"async\" class=\"alignleft wp-image-747\" src=\"https:\/\/www.dawsoncollege.qc.ca\/golf\/wp-content\/uploads\/sites\/171\/Unknown-1.jpeg\" alt=\"Amy Walsh\" width=\"250\" height=\"278\" \/>\n<p>En tant que joueuse professionnelle de soccer pendant plus d&#8217;une d\u00e9cennie, Amy a jou\u00e9 102 fois pour l&#8217;\u00e9quipe nationale f\u00e9minine de soccer du Canada, et a particip\u00e9 \u00e0 deux Coupes du monde (1999, 2007) ainsi qu&#8217;aux Jeux olympiques de P\u00e9kin en 2008.<\/p>\n<p>Amy est membre honoraire du Temple de la renomm\u00e9e du soccer canadien et du Temple de la renomm\u00e9e du soccer qu\u00e9b\u00e9cois.<br \/>\nElle est \u00e9galement journaliste sur la ligne de touche de TSN 690 et collaboratrice\/analyste de TSN\/RDS. Elle s&#8217;est r\u00e9cemment jointe \u00e0 CF Montreal en tant que consultante afin de d\u00e9velopper, faire cro\u00eetre et promouvoir le soccer f\u00e9minin. Au cours de la derni\u00e8re d\u00e9cennie, Amy a aussi travaill\u00e9 avec des athl\u00e8tes Montr\u00e9alais en tant que coach en force et mobilit\u00e9.<\/p>\n<h3>Danny Desriveaux<\/h3>\n<img loading=\"lazy\" decoding=\"async\" class=\"alignleft wp-image-748\" src=\"https:\/\/www.dawsoncollege.qc.ca\/golf\/wp-content\/uploads\/sites\/171\/DesriveauxDanny_DSC_3550.png\" alt=\"Danny Desriveaux\" width=\"250\" height=\"293\" srcset=\"https:\/\/www.dawsoncollege.qc.ca\/golf\/wp-content\/uploads\/sites\/171\/DesriveauxDanny_DSC_3550.png 2116w, https:\/\/www.dawsoncollege.qc.ca\/golf\/wp-content\/uploads\/sites\/171\/DesriveauxDanny_DSC_3550-547x640.png 547w, https:\/\/www.dawsoncollege.qc.ca\/golf\/wp-content\/uploads\/sites\/171\/DesriveauxDanny_DSC_3550-820x960.png 820w, https:\/\/www.dawsoncollege.qc.ca\/golf\/wp-content\/uploads\/sites\/171\/DesriveauxDanny_DSC_3550-768x899.png 768w, https:\/\/www.dawsoncollege.qc.ca\/golf\/wp-content\/uploads\/sites\/171\/DesriveauxDanny_DSC_3550-1312x1536.png 1312w, https:\/\/www.dawsoncollege.qc.ca\/golf\/wp-content\/uploads\/sites\/171\/DesriveauxDanny_DSC_3550-1750x2048.png 1750w, https:\/\/www.dawsoncollege.qc.ca\/golf\/wp-content\/uploads\/sites\/171\/DesriveauxDanny_DSC_3550-1920x2248.png 1920w\" sizes=\"auto, (max-width: 250px) 100vw, 250px\" \/>\n<p>Danny Desriveaux a jou\u00e9 dans la Ligue canadienne de football pendant six saisons et a remport\u00e9 trois fois la Coupe Grey. De 2007 \u00e0 2011, il a fait parti des Alouettes de Montr\u00e9al et en 2012, des Argonauts de Toronto. En tant qu&#8217;entra\u00eeneur adjoint, il a \u00e9galement remport\u00e9 la Coupe Vanier avec les Carabins de l&#8217;Universit\u00e9 de Montr\u00e9al en 2014 \u2014 la premi\u00e8re de leur histoire !<\/p>\n<p>Danny, qui d\u00e9tient un baccalaur\u00e9at en finance et un MBA, travaille comme analyste de football avec RDS depuis 2020 tout en travaillant comme conseiller financier. En 2022, il devient actionnaire d&#8217;une entreprise de barbecue. Gr\u00e2ce \u00e0 ses nombreux succ\u00e8s, Danny s&#8217;est \u00e9galement d\u00e9velopp\u00e9 en tant qu&#8217;orateur avec pr\u00e8s de 200 conf\u00e9rences dans sa manche.<\/p>\n<h2>Merci \u00e0 nos commanditaires!<\/h2>\n<p><strong>Forum de Montreal\u00a0<\/strong>et <strong>Luxury in Transit (LIT) <\/strong>: Commanditaire en titre et voiturettes<\/p>\n<p><strong>Fervel Enterprises <\/strong>: Cadeaux<\/p>\n<p><strong>TD Bank <\/strong>: Co-brunch<\/p>\n<p><strong>Incotel-ISQ <\/strong>: Balle de golfe<\/p>\n<p><strong>Garland Canada <\/strong>: Trou et de tente de rafra\u00eechissement<\/p>\n<p><strong>Magna Inoxydable, IG Gestion de patrimoine, Faxinating Solutions<\/strong>, <strong>BPG Coop<\/strong>, <strong>Telus <\/strong>: Trou et de concours sur le parcours<\/p>\n<p><strong>City of Westmount<\/strong>, <strong>PLANiT Construction<\/strong>, <strong>Vozwin <\/strong>: Durabilit\u00e9<\/p>\n<p><strong>Astral Media<\/strong>, <strong>Burgundy Asset Management<\/strong>, <strong>CF Montr\u00e9al, <\/strong> <strong>Copicom Solutions<\/strong>, <strong>Damy and Pat Landscaping<\/strong>, <strong>Groupe Desjardins<\/strong>, <strong>Honeywell<\/strong>, <strong>Johnson Controls<\/strong>, <strong>Mar-mat <\/strong>: Trou<\/p>\n<p><strong>Bell Horizon <\/strong>: Trou et casse-cro\u00fbte<\/p>\n<p><strong>Oburo <\/strong>: Terrain d&#8217;exercice<\/p>\n<p><strong>Liquitex, Plomberie Levine Bros.<\/strong> : donation de sacs-cadeaux<\/p>\n<p>&nbsp;<\/p>\n<img loading=\"lazy\" decoding=\"async\" class=\"aligncenter size-full wp-image-786\" src=\"https:\/\/www.dawsoncollege.qc.ca\/golf\/wp-content\/uploads\/sites\/171\/FR-golf-sponsors.png\" alt=\"FR golf sponsors\" width=\"940\" height=\"788\" \/>\n","protected":false},"excerpt":{"rendered":"<p>Invit\u00e9s speciaux Fr\u00e9d\u00e9rique Guay, Pr\u00e9sidente d&#8217;honneur Apr\u00e8s des \u00e9tudes en droit, Fr\u00e9d\u00e9rique d\u00e9cide d\u2019\u00e9tudier la radio et la t\u00e9l\u00e9vision. Elle se d\u00e9couvre une passion pour le journalisme sportif en r\u00e9alisant des reportages culturels et r\u00e9alise son premier reportage pour RDS \u00e0 25 ans. Aujourd\u2019hui, Fr\u00e9d\u00e9rique est une journaliste reconnue de TVA Nouvelles et une animatrice&#8230;<\/p>\n","protected":false},"author":0,"featured_media":0,"parent":0,"menu_order":0,"comment_status":"closed","ping_status":"closed","template":"","meta":{"footnotes":""},"class_list":["post-653","page","type-page","status-publish","hentry"],"_links":{"self":[{"href":"https:\/\/www.dawsoncollege.qc.ca\/golf\/wp-json\/wp\/v2\/pages\/653","targetHints":{"allow":["GET"]}}],"collection":[{"href":"https:\/\/www.dawsoncollege.qc.ca\/golf\/wp-json\/wp\/v2\/pages"}],"about":[{"href":"https:\/\/www.dawsoncollege.qc.ca\/golf\/wp-json\/wp\/v2\/types\/page"}],"replies":[{"embeddable":true,"href":"https:\/\/www.dawsoncollege.qc.ca\/golf\/wp-json\/wp\/v2\/comments?post=653"}],"version-history":[{"count":10,"href":"https:\/\/www.dawsoncollege.qc.ca\/golf\/wp-json\/wp\/v2\/pages\/653\/revisions"}],"predecessor-version":[{"id":770,"href":"https:\/\/www.dawsoncollege.qc.ca\/golf\/wp-json\/wp\/v2\/pages\/653\/revisions\/770"}],"wp:attachment":[{"href":"https:\/\/www.dawsoncollege.qc.ca\/golf\/wp-json\/wp\/v2\/media?parent=653"}],"curies":[{"name":"wp","href":"https:\/\/api.w.org\/{rel}","templated":true}]}}