{"id":39,"date":"2015-03-10T20:20:05","date_gmt":"2015-03-11T00:20:05","guid":{"rendered":"https:\/\/www.dawsoncollege.qc.ca\/program-services\/?page_id=39"},"modified":"2023-09-22T16:40:00","modified_gmt":"2023-09-22T20:40:00","slug":"ministerial-program-documents","status":"publish","type":"page","link":"https:\/\/www.dawsoncollege.qc.ca\/oad\/ministerial-program-documents\/","title":{"rendered":"Program documents from the Ministry of Education"},"content":{"rendered":"<table style=\"height: 1734px\" width=\"778\">\n<tbody>\n<tr style=\"height: 62px\">\n<td style=\"width: 917px;height: 62px\"><a style=\"color: #000000\" href=\"https:\/\/www.dawsoncollege.qc.ca\/oad\/wp-content\/uploads\/sites\/146\/140.B0-Biomedical-Laboratory-Technology.pdf\" target=\"_blank\" rel=\"noopener noreferrer\">140.C0 Biomedical Laboratory Technology<\/a>\u00a02016<br \/>\n<a href=\"https:\/\/www.dawsoncollege.qc.ca\/oad\/wp-content\/uploads\/sites\/146\/140.B0-Technologie-danalyses-biom\u00e9dicales-2017.pdf\" target=\"_blank\" rel=\"noopener noreferrer\">140.C0 Technologie d&#8217;analyses biom\u00e9dicales<\/a>\u00a02016<\/td>\n<\/tr>\n<tr style=\"height: 41px\">\n<td style=\"width: 917px;height: 41px\"><span style=\"font-size: 1.4rem;font-family: inherit\"><a href=\"https:\/\/www.dawsoncollege.qc.ca\/oad\/wp-content\/uploads\/sites\/146\/PE19-DiagnosticImaging-142H0-2019.pdf\" target=\"_blank\" rel=\"noopener noreferrer\">142.H0 Diagnostic Imaging<\/a><\/span> 2020<br \/>\n<a href=\"https:\/\/www.dawsoncollege.qc.ca\/oad\/wp-content\/uploads\/sites\/146\/142.H0_Radiodiagnostic_2019-02-25_OFFICIAL-Ministerial-Document.pdf\" target=\"_blank\" rel=\"noopener noreferrer\">142.H0 Technologie de Radiodiagnostic<\/a>\u00a0 2018<br \/>\n<a href=\"https:\/\/www.dawsoncollege.qc.ca\/oad\/wp-content\/uploads\/sites\/146\/142.A0_Technologie-de-Radiodiagnostic.pdf\" target=\"_blank\" rel=\"noopener noreferrer\">142.A0_Technologie de Radiodiagnostic<\/a> 1998<\/td>\n<\/tr>\n<tr style=\"height: 41px\">\n<td style=\"width: 917px;height: 41px\"><a href=\"https:\/\/www.dawsoncollege.qc.ca\/oad\/wp-content\/uploads\/sites\/146\/PE19TechnologieDeRadioOncologie-142D0-2018.pdf\" target=\"_blank\" rel=\"noopener noreferrer\">142.D0 Technologie de radio-oncologie<\/a>\u00a02018<br \/>\n<a href=\"https:\/\/www.dawsoncollege.qc.ca\/oad\/wp-content\/uploads\/sites\/146\/PE19TechRadioOncologie142C0.pdf\" target=\"_blank\" rel=\"noopener noreferrer\">142.C0 Technologie de radio-oncologie<\/a>\u00a01999<\/td>\n<\/tr>\n<tr>\n<td style=\"width: 917px\"><a href=\"https:\/\/www.dawsoncollege.qc.ca\/oad\/wp-content\/uploads\/sites\/146\/ANG20210301_ES1-0022_142.G0_echographie05-26.pdf\" target=\"_blank\" rel=\"noopener noreferrer\">142.G0 Medical Ultrasound Technology<\/a> 2022<br \/>\n<a href=\"https:\/\/www.dawsoncollege.qc.ca\/oad\/wp-content\/uploads\/sites\/146\/PE19-TechnologieDeEchographieMedicale-142G0-2018.pdf\" target=\"_blank\" rel=\"noopener noreferrer\">142.G0 Technologie de l\u2019\u00e9chographie m\u00e9dicale<\/a>\u00a02018<\/td>\n<\/tr>\n<tr style=\"height: 82px\">\n<td style=\"width: 917px;height: 82px\"><a href=\"https:\/\/www.dawsoncollege.qc.ca\/oad\/wp-content\/uploads\/sites\/146\/144.A1_Physio_AN_w2-002.pdf\" target=\"_blank\" rel=\"noopener noreferrer\">144.A1 Physiotherapy Technology<\/a> 2022<br \/>\n<a href=\"https:\/\/www.dawsoncollege.qc.ca\/oad\/wp-content\/uploads\/sites\/146\/144.A1_Physiotherapie_2021Version.pdf\" target=\"_blank\" rel=\"noopener noreferrer\">144.A1 Techniques de physiotherapie<\/a> 2021<br \/>\n<a href=\"https:\/\/www.dawsoncollege.qc.ca\/oad\/wp-content\/uploads\/sites\/146\/144.A0-Techniques-de-physiotherapie-2015.pdf\" target=\"_blank\" rel=\"noopener noreferrer\">144.A0 Techniques de physiotherapie<\/a>\u00a02015<br \/>\n<a href=\"https:\/\/www.dawsoncollege.qc.ca\/oad\/wp-content\/uploads\/sites\/146\/PE19PhysiotherapyTechnology-144A0-2014.pdf\" target=\"_blank\" rel=\"noopener noreferrer\">144.A0 Physiotherapy Technology<\/a> 2014<\/td>\n<\/tr>\n<tr style=\"height: 62px\">\n<td style=\"width: 917px;height: 21px\"><a href=\"https:\/\/www.dawsoncollege.qc.ca\/public\/services\/program_services\/180.a0_-_nursing_(2007version).pdf\" target=\"_blank\" rel=\"noopener noreferrer\">180.A0 Nursing<\/a>\u00a02007<br \/>\n<a href=\"https:\/\/www.dawsoncollege.qc.ca\/public\/services\/program_services\/180.a0_-_soins_infirmiers_(version_2007).pdf\" target=\"_blank\" rel=\"noopener noreferrer\">180.A0 Soins infirmiers<\/a>\u00a02007<\/td>\n<\/tr>\n<tr style=\"height: 62px\">\n<td style=\"width: 917px;height: 62px\"><a href=\"https:\/\/www.dawsoncollege.qc.ca\/oad\/wp-content\/uploads\/sites\/146\/200-B1-2021-Science-English.pdf\" target=\"_blank\" rel=\"noopener noreferrer\">200.B1 Science<\/a>\u00a0 2021<br \/>\n<a href=\"https:\/\/www.dawsoncollege.qc.ca\/oad\/wp-content\/uploads\/sites\/146\/200.B0-Science-2017.pdf\" target=\"_blank\" rel=\"noopener noreferrer\">200.B0 Science<\/a>\u00a0 2017<br \/>\n<a href=\"https:\/\/www.dawsoncollege.qc.ca\/oad\/wp-content\/uploads\/sites\/146\/200.B1-Science-de-la-Nature-2021.pdf\" target=\"_blank\" rel=\"noopener noreferrer\">200.B1 Sciences de la nature<\/a>\u00a0 2021<br \/>\n<a href=\"https:\/\/www.dawsoncollege.qc.ca\/oad\/wp-content\/uploads\/sites\/146\/200.B0-Sciences-de-la-nature-2017.pdf\" target=\"_blank\" rel=\"noopener noreferrer\">200.B0 Sciences de la nature<\/a>\u00a0 2017<\/td>\n<\/tr>\n<tr style=\"height: 62px\">\n<td style=\"width: 917px;height: 56px\"><a href=\"https:\/\/www.dawsoncollege.qc.ca\/public\/services\/program_services\/210.a0_-_laboratory_technology.pdf\" target=\"_blank\" rel=\"noopener noreferrer\">210.A0 Laboratory Technology<\/a> 2005<br \/>\n<a href=\"https:\/\/www.dawsoncollege.qc.ca\/public\/services\/program_services\/210.a0_-_techniques_de_laboratoire.pdf\" target=\"_blank\" rel=\"noopener noreferrer\">210.A0 Techniques de laboratoire<\/a>\u00a02001<\/td>\n<\/tr>\n<tr style=\"height: 62px\">\n<td style=\"width: 917px;height: 62px\"><a href=\"https:\/\/www.dawsoncollege.qc.ca\/public\/services\/program_services\/221.b0_-_civil_engineering_technology.pdf\" target=\"_blank\" rel=\"noopener noreferrer\">221.B0 Civil Engineering Technology<\/a>\u00a02004<br \/>\n<a href=\"https:\/\/www.dawsoncollege.qc.ca\/public\/services\/program_services\/221.b0_-_technologie_du_genie_civil.pdf\" target=\"_blank\" rel=\"noopener noreferrer\">221.B0 Technologie du g\u00e9nie civil<\/a>\u00a02004<\/td>\n<\/tr>\n<tr style=\"height: 62px\">\n<td style=\"width: 917px;height: 62px\"><a href=\"https:\/\/www.dawsoncollege.qc.ca\/public\/services\/program_services\/241.a0_-_mechanical_engineering_technology.pdf\" target=\"_blank\" rel=\"noopener noreferrer\">241.A0 Mechanical Engineering Technology<\/a>\u00a02000<br \/>\n<a style=\"font-size: 1.4rem;font-family: inherit\" href=\"https:\/\/www.dawsoncollege.qc.ca\/oad\/wp-content\/uploads\/sites\/146\/PE11TechniquesDeGenieMecanique-241A0-2000-Addenda.pdf\">2000-09-05 Addenda 241.A0 Techniques de g\u00e9nie m\u00e9canique<\/a>\u00a02000<br \/>\n<a style=\"font-size: 1.4rem;font-family: inherit\" href=\"https:\/\/www.dawsoncollege.qc.ca\/public\/services\/program_services\/241.a0_-_techniques_de_genie_mecanique.pdf\">241.A0 Techniques de g\u00e9nie m\u00e9canique<\/a><span style=\"font-size: 1.4rem;font-family: inherit\">\u00a0<\/span>\u00a02000<\/td>\n<\/tr>\n<tr style=\"height: 62px\">\n<td style=\"width: 917px;height: 62px\"><a href=\"https:\/\/www.dawsoncollege.qc.ca\/public\/services\/program_services\/243.b0_-_electrotechnology.pdf\" target=\"_blank\" rel=\"noopener noreferrer\">243.B0 Electrotechnology<\/a>\u00a02007<br \/>\n<a href=\"https:\/\/www.dawsoncollege.qc.ca\/public\/services\/program_services\/243.b0_-_technologie_de_lelectronique.pdf\" target=\"_blank\" rel=\"noopener noreferrer\">243.B0 Technologie de l&#8217;\u00e9lectronique<\/a>\u00a02007<\/td>\n<\/tr>\n<tr style=\"height: 62px\">\n<td style=\"width: 917px;height: 62px\"><a href=\"https:\/\/www.dawsoncollege.qc.ca\/oad\/wp-content\/uploads\/sites\/146\/300-A1-Social-Science-EN.pdf\" target=\"_blank\" rel=\"noopener noreferrer\">300.A1 Social Science<\/a> 2021<br \/>\n<a href=\"https:\/\/www.dawsoncollege.qc.ca\/oad\/wp-content\/uploads\/sites\/146\/300.A1-Sciences-Humaines.pdf\" target=\"_blank\" rel=\"noopener noreferrer\">300.A1 Sciences humaines<\/a> 2021<br \/>\n<a href=\"https:\/\/www.dawsoncollege.qc.ca\/oad\/wp-content\/uploads\/sites\/146\/300.A0-Social-Science-2017.pdf\" target=\"_blank\" rel=\"noopener noreferrer\">300.A0 Social Science<\/a> 2017<br \/>\n<a href=\"https:\/\/www.dawsoncollege.qc.ca\/oad\/wp-content\/uploads\/sites\/146\/300.A0-Sciences-humaines-2017.pdf\" target=\"_blank\" rel=\"noopener noreferrer\">300.A0 Sciences humaines<\/a> 2017<br \/>\n<a href=\"https:\/\/www.dawsoncollege.qc.ca\/oad\/wp-content\/uploads\/sites\/146\/300.B0-300.D0-Sciences-humaines-VA.pdf\" target=\"_blank\" rel=\"noopener noreferrer\">300.B0 Sciences-humaines-First Nations &amp; 300.D0-Sciences-humaines-Inuit<\/a>\u00a02017<\/td>\n<\/tr>\n<tr style=\"height: 61px\">\n<td style=\"width: 917px;height: 61px\"><a href=\"https:\/\/www.dawsoncollege.qc.ca\/oad\/wp-content\/uploads\/sites\/146\/388.A1-Techniques-de-Travail-Social-2023.pdf\" target=\"_blank\" rel=\"noopener\">388.A1 Techniques de travail social<\/a> 2023<br \/>\n<a href=\"https:\/\/www.dawsoncollege.qc.ca\/public\/services\/program_services\/388.a0_-_social_service.pdf\" target=\"_blank\" rel=\"noopener noreferrer\">388.A0 Social Service<\/a>\u00a02000<br \/>\n<a href=\"https:\/\/www.dawsoncollege.qc.ca\/public\/services\/program_services\/388.a0_-_techniques_de_travail_social.pdf\" target=\"_blank\" rel=\"noopener noreferrer\">388.A0 Techniques de travail social<\/a>\u00a02000<\/td>\n<\/tr>\n<tr style=\"height: 62px\">\n<td style=\"width: 917px;height: 62px\"><a href=\"https:\/\/www.dawsoncollege.qc.ca\/oad\/wp-content\/uploads\/sites\/146\/PE20TechGestionInterventionLoisirs-391A0-2019.pdf\">391.A0 Techniques d&#8217;intervention en loisirs<\/a>\u00a02019<br \/>\n<a href=\"https:\/\/www.dawsoncollege.qc.ca\/public\/services\/program_services\/pe20communityrecreationleadershiptraining391a0.pdf\" target=\"_blank\" rel=\"noopener noreferrer\">391.A0 Community Recreation Leadership Training<\/a>\u00a02000<br \/>\n<a href=\"https:\/\/www.dawsoncollege.qc.ca\/public\/services\/program_services\/391.a0_-_techniques_dintervention_en_loisirs.pdf\" target=\"_blank\" rel=\"noopener noreferrer\">391.A0 Techniques d&#8217;intervention en loisirs<\/a>\u00a02000<\/td>\n<\/tr>\n<tr style=\"height: 62px\">\n<td style=\"width: 917px;height: 62px\"><a href=\"https:\/\/www.dawsoncollege.qc.ca\/public\/services\/program_services\/410.b0_-_accounting_and_management_technology.pdf\" target=\"_blank\" rel=\"noopener noreferrer\">410.B0\u00a0 Accounting and Management Technology<\/a>\u00a02002<br \/>\n<a href=\"https:\/\/www.dawsoncollege.qc.ca\/public\/services\/program_services\/410.b0_-_techniques_de_comptabilite_et_de_gestion.pdf\" target=\"_blank\" rel=\"noopener noreferrer\">410.B0 Techniques de comptabilit\u00e9 et de gestion<\/a>\u00a0\u00a02002<\/td>\n<\/tr>\n<tr style=\"height: 62px\">\n<td style=\"width: 917px;height: 62px\"><a href=\"https:\/\/www.dawsoncollege.qc.ca\/public\/services\/program_services\/410.d0_-_business_management.pdf\">410.D0 Business Management<\/a>\u00a02002<br \/>\n<a href=\"https:\/\/www.dawsoncollege.qc.ca\/public\/services\/program_services\/410.d0_-_gestion_de_commerces.pdf\" target=\"_blank\" rel=\"noopener noreferrer\">410.D0 Gestion de commerces<\/a>\u00a02002<\/td>\n<\/tr>\n<tr style=\"height: 62px\">\n<td style=\"width: 917px;height: 62px\"><a href=\"https:\/\/www.dawsoncollege.qc.ca\/oad\/wp-content\/uploads\/sites\/146\/PE01ComputerScienceTech-420B0-2018.pdf\" target=\"_blank\" rel=\"noopener noreferrer\">420.B0 Computer Science Technology<\/a>\u00a02018<br \/>\n<a href=\"https:\/\/www.dawsoncollege.qc.ca\/oad\/wp-content\/uploads\/sites\/146\/PE01TechniqueInformatique-420B0-2018.pdf\" target=\"_blank\" rel=\"noopener noreferrer\">420.B0 Techniques de l\u2019informatique<\/a>\u00a0\u00a02017<\/td>\n<\/tr>\n<tr style=\"height: 62px\">\n<td style=\"width: 917px;height: 62px\"><a href=\"https:\/\/www.dawsoncollege.qc.ca\/oad\/wp-content\/uploads\/sites\/146\/500.A1_Arts-Literature-and-Communication_English_Final-Updated-2016.pdf\" target=\"_blank\" rel=\"noopener noreferrer\">500.A1 Arts, Literature and Communication<\/a>\u00a02016<br \/>\n<a href=\"https:\/\/www.dawsoncollege.qc.ca\/oad\/wp-content\/uploads\/sites\/146\/500.A1_Arts_lettres_communication_French_Final-Updated-2016.pdf\" target=\"_blank\" rel=\"noopener noreferrer\">500.A1 Arts, lettres et\u00a0communication<\/a>\u00a02016<\/td>\n<\/tr>\n<tr style=\"height: 62px\">\n<td style=\"width: 917px;height: 62px\"><a href=\"https:\/\/www.dawsoncollege.qc.ca\/oad\/wp-content\/uploads\/sites\/146\/510.A0-Visual-Arts-2017.pdf\" target=\"_blank\" rel=\"noopener noreferrer\">510.A0 Visual Arts<\/a>\u00a02017<br \/>\n<a href=\"https:\/\/www.dawsoncollege.qc.ca\/oad\/wp-content\/uploads\/sites\/146\/510.A0-Arts-visuels-2017.pdf\" target=\"_blank\" rel=\"noopener noreferrer\">510.A0 Arts visuels<\/a>\u00a02017<\/td>\n<\/tr>\n<tr style=\"height: 62px\">\n<td style=\"width: 917px;height: 62px\"><a href=\"https:\/\/www.dawsoncollege.qc.ca\/public\/services\/program_services\/561.c0_-_professional_theatre_(acting).pdf\" target=\"_blank\" rel=\"noopener noreferrer\">561.C0 Professional Theatre (Acting)<\/a>\u00a02001<br \/>\n<a href=\"https:\/\/www.dawsoncollege.qc.ca\/public\/services\/program_services\/561.c0_-_interpretation_theatrale.pdf\">561.C0 Interpr\u00e9tation th\u00e9\u00e2trale<\/a>\u00a02001<\/td>\n<\/tr>\n<tr style=\"height: 62px\">\n<td style=\"width: 917px;height: 62px\"><a href=\"https:\/\/www.dawsoncollege.qc.ca\/oad\/wp-content\/uploads\/sites\/146\/PE04IndusDesignTech570C0-English.pdf\" target=\"_blank\" rel=\"noopener noreferrer\">570.C0 Industrial Design Techniques<\/a>\u00a02000<br \/>\n<a href=\"https:\/\/www.dawsoncollege.qc.ca\/oad\/wp-content\/uploads\/sites\/146\/PE04TechDesignIndus570C0French.pdf\" target=\"_blank\" rel=\"noopener noreferrer\">570.C0 Techniques de design industriel<\/a>\u00a02000<\/td>\n<\/tr>\n<tr style=\"height: 62px\">\n<td style=\"width: 917px;height: 62px\"><a href=\"https:\/\/www.dawsoncollege.qc.ca\/oad\/wp-content\/uploads\/sites\/146\/570.E0-NEW-Design-dint%C3%A9rieur-2021.pdf\" target=\"_blank\" rel=\"noopener noreferrer\">570.E0 Techniques de design d&#8217;int\u00e9rieur<\/a>\u00a02019<br \/>\n<a href=\"https:\/\/www.dawsoncollege.qc.ca\/public\/services\/program_services\/570.e0_-_interior_design.pdf\" target=\"_blank\" rel=\"noopener noreferrer\">570.E0 Interior Design<\/a>\u00a02006<br \/>\n<a href=\"https:\/\/www.dawsoncollege.qc.ca\/public\/services\/program_services\/570.e0_-_techniques_de_design_dinterieur.pdf\" target=\"_blank\" rel=\"noopener noreferrer\">570.E0 Techniques de design d&#8217;int\u00e9rieur<\/a>\u00a0\u00a02006<\/td>\n<\/tr>\n<tr style=\"height: 82px\">\n<td style=\"width: 917px;height: 82px\"><a href=\"https:\/\/www.dawsoncollege.qc.ca\/public\/services\/program_services\/570.f0_-_photography.pdf\" target=\"_blank\" rel=\"noopener noreferrer\">570.F0 Photography<\/a>\u00a02007<br \/>\n<a href=\"https:\/\/www.dawsoncollege.qc.ca\/oad\/wp-content\/uploads\/sites\/146\/PE04Photographie570F0.pdf\" target=\"_blank\" rel=\"noopener noreferrer\">570.F0 Photographie<\/a>\u00a02007<\/td>\n<\/tr>\n<tr style=\"height: 62px\">\n<td style=\"width: 917px;height: 62px\"><a href=\"https:\/\/www.dawsoncollege.qc.ca\/oad\/wp-content\/uploads\/sites\/146\/570.G0-Graphic-Design.pdf\" target=\"_blank\" rel=\"noopener noreferrer\">570.G0 Graphic Design<\/a>\u00a02016<br \/>\n<a href=\"https:\/\/www.dawsoncollege.qc.ca\/oad\/wp-content\/uploads\/sites\/146\/570.G0-graphisme.pdf\" target=\"_blank\" rel=\"noopener noreferrer\">570.G0 Graphisme<\/a>\u00a02016<\/td>\n<\/tr>\n<tr style=\"height: 62px\">\n<td style=\"width: 917px;height: 62px\"><a href=\"https:\/\/www.dawsoncollege.qc.ca\/oad\/wp-content\/uploads\/sites\/146\/574.A0-Illustration-and-Animation.pdf\" target=\"_blank\" rel=\"noopener noreferrer\">574.A0 Illustration and Animation<\/a>\u00a02016<br \/>\n<a href=\"https:\/\/www.dawsoncollege.qc.ca\/oad\/wp-content\/uploads\/sites\/146\/574.A0-Illustration-et-dessin-anime.pdf\" target=\"_blank\" rel=\"noopener noreferrer\">574.A0 Illustration et dessin anime<\/a>\u00a02016<\/td>\n<\/tr>\n<tr style=\"height: 62px\">\n<td style=\"width: 917px;height: 62px\"><a href=\"https:\/\/www.dawsoncollege.qc.ca\/public\/services\/program_services\/574.b0_-_3d_animation_and_computer-generated_imagery.pdf\" target=\"_blank\" rel=\"noopener noreferrer\">574.B0 3D Animation and Computer-Generated Imagery<\/a>\u00a02008<br \/>\n<a href=\"https:\/\/www.dawsoncollege.qc.ca\/public\/services\/program_services\/574.b0_-_techniques_danimation_3d_et_de_synthese_dimages.pdf\" target=\"_blank\" rel=\"noopener noreferrer\">574.B0 Techniques d&#8217;animation 3D et de synth\u00e8se d&#8217;images<\/a>\u00a02002<br \/>\n<a href=\"https:\/\/www.dawsoncollege.qc.ca\/oad\/wp-content\/uploads\/sites\/146\/Programme-574C0-002.pdf\" target=\"_blank\" rel=\"noopener noreferrer\">574.C0 Production 3D et synth\u00e8se d\u2019images<\/a> 2023<\/td>\n<\/tr>\n<tr style=\"height: 102px\">\n<td style=\"width: 917px;height: 102px\"><a href=\"https:\/\/www.dawsoncollege.qc.ca\/oad\/wp-content\/uploads\/sites\/146\/700.B0-2021-Histoire-et-civilisation.pdf\" target=\"_blank\" rel=\"noopener noreferrer\">700.B0 Histoire et civilisation<\/a> 2021<br \/>\n<a href=\"https:\/\/www.dawsoncollege.qc.ca\/oad\/wp-content\/uploads\/sites\/146\/700.B0-Liberal-Arts-2017.pdf\" target=\"_blank\" rel=\"noopener noreferrer\">700.B0 Liberal Arts<\/a>\u00a02017<br \/>\n<a href=\"https:\/\/www.dawsoncollege.qc.ca\/oad\/wp-content\/uploads\/sites\/146\/700.B0-Histoire-et-civilisation-2017.pdf\" target=\"_blank\" rel=\"noopener noreferrer\">700.B0 Histoire et civilisation<\/a>\u00a02017<\/td>\n<\/tr>\n<\/tbody>\n<\/table>\n<p><!--more--><\/p>\n<p>&nbsp;<\/p>\n","protected":false},"excerpt":{"rendered":"<p>140.C0 Biomedical Laboratory Technology\u00a02016 140.C0 Technologie d&#8217;analyses biom\u00e9dicales\u00a02016 142.H0 Diagnostic Imaging 2020 142.H0 Technologie de Radiodiagnostic\u00a0 2018 142.A0_Technologie de Radiodiagnostic 1998 142.D0 Technologie de radio-oncologie\u00a02018 142.C0 Technologie de radio-oncologie\u00a01999 142.G0 Medical Ultrasound Technology 2022 142.G0 Technologie de l\u2019\u00e9chographie m\u00e9dicale\u00a02018 144.A1 Physiotherapy Technology 2022 144.A1 Techniques de physiotherapie 2021 144.A0 Techniques de physiotherapie\u00a02015 144.A0 Physiotherapy Technology&#8230;<\/p>\n","protected":false},"author":16,"featured_media":0,"parent":0,"menu_order":0,"comment_status":"closed","ping_status":"closed","template":"","meta":{"footnotes":""},"class_list":["post-39","page","type-page","status-publish","hentry"],"_links":{"self":[{"href":"https:\/\/www.dawsoncollege.qc.ca\/oad\/wp-json\/wp\/v2\/pages\/39","targetHints":{"allow":["GET"]}}],"collection":[{"href":"https:\/\/www.dawsoncollege.qc.ca\/oad\/wp-json\/wp\/v2\/pages"}],"about":[{"href":"https:\/\/www.dawsoncollege.qc.ca\/oad\/wp-json\/wp\/v2\/types\/page"}],"author":[{"embeddable":true,"href":"https:\/\/www.dawsoncollege.qc.ca\/oad\/wp-json\/wp\/v2\/users\/16"}],"replies":[{"embeddable":true,"href":"https:\/\/www.dawsoncollege.qc.ca\/oad\/wp-json\/wp\/v2\/comments?post=39"}],"version-history":[{"count":12,"href":"https:\/\/www.dawsoncollege.qc.ca\/oad\/wp-json\/wp\/v2\/pages\/39\/revisions"}],"predecessor-version":[{"id":3840,"href":"https:\/\/www.dawsoncollege.qc.ca\/oad\/wp-json\/wp\/v2\/pages\/39\/revisions\/3840"}],"wp:attachment":[{"href":"https:\/\/www.dawsoncollege.qc.ca\/oad\/wp-json\/wp\/v2\/media?parent=39"}],"curies":[{"name":"wp","href":"https:\/\/api.w.org\/{rel}","templated":true}]}}