{"id":1448,"date":"2019-06-11T15:09:18","date_gmt":"2019-06-11T19:09:18","guid":{"rendered":"https:\/\/www.dawsoncollege.qc.ca\/udl\/?page_id=1448"},"modified":"2019-06-12T12:56:51","modified_gmt":"2019-06-12T16:56:51","slug":"portfolio-de-laetitia-desanti","status":"publish","type":"page","link":"https:\/\/www.dawsoncollege.qc.ca\/udl\/faculty-portfolios\/portfolio-de-laetitia-desanti\/","title":{"rendered":"Portfolio de La\u00ebtitia Desanti"},"content":{"rendered":"<h2><strong>Accompagner la lecture des textes difficiles<\/strong><\/h2>\n<h4><strong><img loading=\"lazy\" decoding=\"async\" class=\" wp-image-1451 alignleft\" src=\"https:\/\/www.dawsoncollege.qc.ca\/udl\/wp-content\/uploads\/sites\/160\/Laetitia-jpg-550x640.jpg\" alt=\"Laetitia-jpg\" width=\"156\" height=\"182\" srcset=\"https:\/\/www.dawsoncollege.qc.ca\/udl\/wp-content\/uploads\/sites\/160\/Laetitia-jpg-550x640.jpg 550w, https:\/\/www.dawsoncollege.qc.ca\/udl\/wp-content\/uploads\/sites\/160\/Laetitia-jpg-768x893.jpg 768w, https:\/\/www.dawsoncollege.qc.ca\/udl\/wp-content\/uploads\/sites\/160\/Laetitia-jpg-825x960.jpg 825w, https:\/\/www.dawsoncollege.qc.ca\/udl\/wp-content\/uploads\/sites\/160\/Laetitia-jpg-1920x2234.jpg 1920w\" sizes=\"auto, (max-width: 156px) 100vw, 156px\" \/>Qu\u2019est-ce qui m&#8217;a men\u00e9e \u00e0 UDL\u00a0?<\/strong><\/h4>\n<p>&nbsp;<\/p>\n<p>Le choix d\u2019int\u00e9grer des \u00e9l\u00e9ments de la conception universelle \u00e0 mes cours ne rel\u00e8ve pas d\u2019une circonstance en particulier, mais se trouve \u00eatre le fruit d\u2019une exp\u00e9rience v\u00e9cue au gr\u00e9 de plusieurs \u00e9tapes importantes dans mon parcours\u00a0de vie :<\/p>\n<p>&nbsp;<\/p>\n<ul>\n<li>Le fait d\u2019avoir \u00e9t\u00e9 d\u2019abord une \u00e9tudiante\u00a0;<\/li>\n<li>Celui d\u2019avoir fait de la recherche durant mes \u00e9tudes\u00a0;<\/li>\n<li>Celui d\u2019\u00eatre devenue maman\u00a0;<\/li>\n<li>Et, bien s\u00fbr, mon m\u00e9tier d\u2019enseignante aujourd\u2019hui.<\/li>\n<\/ul>\n<p>Loin d\u2019\u00eatre s\u00e9par\u00e9es, ces exp\u00e9riences sont inextricablement li\u00e9es et elles expliquent mon souhait de recourir \u00e0 la CUA\/UDL. Ainsi, mon aventure CUA\/UDL n\u2019a pas commenc\u00e9 l\u2019ann\u00e9e derni\u00e8re lors de nos r\u00e9unions. Bien s\u00fbr, j\u2019ai d\u00e9couvert concr\u00e8tement la CUA\/UDL gr\u00e2ce \u00e0 nos \u00e9changes, gr\u00e2ce aux ateliers de Catherine, d\u2019Effie et de Laure, \u00e0 des lectures et des recherches. Cependant, cette id\u00e9e d\u2019adaptation de l\u2019enseignement, je la recherche, au fond, depuis mes apprentissages d\u2019\u00e9coli\u00e8re. J\u2019aurais aim\u00e9, je pense, avoir la possibilit\u00e9 d\u2019apprendre avec certains des outils et des principes que la conception universelle propose. Avec mon implication dans des communaut\u00e9s comme celles de <em>WID<\/em>, de <em>Learning Communities<\/em> et, plus r\u00e9cemment, d\u2019<em>UDL<\/em>, j\u2019ai eu la chance de pouvoir <strong>ajouter des pi\u00e8ces manquantes au vaste puzzle<\/strong> de l\u2019apprentissage et d\u2019essayer de <strong>nouvelles strat\u00e9gies<\/strong> pour aider les \u00e9tudiants dans mes cours et leur<strong> donner plus de flexibilit\u00e9.<\/strong><\/p>\n<p>Ce qui me frappe aujourd\u2019hui, lorsque je regarde en arri\u00e8re, c\u2019est ma capacit\u00e9 \u00e0 avoir longtemps associ\u00e9 l\u2019apprentissage \u00e0 une r\u00e9alit\u00e9 fig\u00e9e\u00a0: soumission \u00e0 l\u2019autorit\u00e9 du professeur et souci de rentrer dans la norme d\u00e9finie par le syst\u00e8me \u00e9ducatif. J\u2019ai moi-m\u00eame \u00e9t\u00e9 \u00e9duqu\u00e9e ainsi et, au d\u00e9but de ma carri\u00e8re, j\u2019ai inconsciemment reproduit cette approche. Lorsque je suis devenue enseignante, j\u2019ai, \u00e0 mon tour, impos\u00e9 des contraintes qui avaient pour objectif de faire rentrer les \u00e9tudiants \u00ab\u00a0dans un moule\u00a0\u00bb. Je me suis <strong>souvent questionn\u00e9e<\/strong> pour savoir pourquoi ils n\u2019aimaient pas lire, pas faire du fran\u00e7ais\u2026 Pour ce faire, il me fallait, entre autres, <strong>accepter l\u2019id\u00e9e d\u2019un enseignement plus adapt\u00e9<\/strong> aux diff\u00e9rents besoins des \u00e9tudiants et r\u00e9fl\u00e9chir, une fois de plus, \u00e0 <strong>la complexit\u00e9 de l\u2019acte d\u2019apprendre<\/strong>.<\/p>\n<p>Le <strong>d\u00e9fi<\/strong> que j\u2019ai voulu relever dans un de mes cours (Fran\u00e7ais 602- 102- MQ, niveau 3, niveau avanc\u00e9) en y implantant certains principes de la CUA\/UDL est <strong>celui de la lecture des textes difficiles.<\/strong><\/p>\n<img loading=\"lazy\" decoding=\"async\" class=\" wp-image-1468 aligncenter\" src=\"https:\/\/www.dawsoncollege.qc.ca\/udl\/wp-content\/uploads\/sites\/160\/livre.png\" alt=\"livre\" width=\"476\" height=\"317\" \/>\n<p>Ce cours porte sur la litt\u00e9rature fantastique que nous \u00e9tudions en regardant un film fantastique, mais surtout en lisant et en analysant diff\u00e9rentes nouvelles d\u2019auteurs du XIXe si\u00e8cle, Poe (traduit par Baudelaire \u2013 th\u00e8me de la mort), Gautier (th\u00e8me du vampire), M\u00e9rim\u00e9e (th\u00e8me des objets qui s\u2019animent), Maupassant (th\u00e8me de la folie). En face de tels textes, l\u2019\u00e9tudiant a de quoi se sentir d\u00e9muni, d\u00e9courag\u00e9 et surtout tr\u00e8s seul. <strong>Comment lire ces textes\u00a0? Comment aider les \u00e9l\u00e8ves \u00e0 s\u2019y plonger\u00a0? Quelles strat\u00e9gies offrir pour mieux saisir le sens des textes, les questionner, les associer \u00e0 la d\u00e9finition du fantastique et \u00e0 d\u2019autres connaissances ?<\/strong> Lorsqu\u2019on est un \u00e9tudiant de langue seconde, le d\u00e9fi est de taille. Il l\u2019est d\u2019autant plus si on n\u2019a pas d\u2019int\u00e9r\u00eat pour la lecture, qu\u2019on d\u00e9teste le fran\u00e7ais (parce qu\u2019il nous a toujours tenu en \u00e9chec) ou qu\u2019on souffre de dyslexie, de dyspraxie, de troubles de l\u2019attention et j\u2019en passe&#8230; Faute d\u2019alignement entre des attentes souvent trop hautes vis-\u00e0-vis de la lecture et des outils insuffisamment d\u00e9velopp\u00e9s pour soutenir les \u00e9tudiants dans leurs d\u00e9marches d\u2019apprentissage, les r\u00e9sultats se sont souvent r\u00e9v\u00e9l\u00e9s d\u00e9cevants pour les \u00e9tudiants comme pour l\u2019enseignant.<\/p>\n<p>Depuis, quelques mois, j\u2019ai fait bien des r\u00e9flexions et des changements dans mes cours, alternant les p\u00e9riodes de doutes et d\u2019enthousiasme. J\u2019ai t\u00e2ch\u00e9 de les consigner dans une pr\u00e9sentation PowerPoint qui me sert ici de portfolio.<\/p>\n<h4><strong>Pr\u00e9sentation du portfolio<\/strong><\/h4>\n<p>Pour expliquer le parcours relatif \u00e0 la mise en place des principes\u00a0CUA\/UDL dans mon cours de litt\u00e9rature fantastique et la mani\u00e8re dont j\u2019ai tent\u00e9 de fournir de l\u2019aide aux \u00e9tudiants lorsqu\u2019ils lisaient les textes, j\u2019ai d\u00e9cid\u00e9 de pr\u00e9senter les points ou les questions suivants\u00a0:<\/p>\n<p>&nbsp;<\/p>\n<ul>\n<li><strong>Pourquoi l\u2019acte de lire peut-il \u00eatre si difficile\u00a0<\/strong>? Pour avoir des pistes \u00e0 ce sujet, j\u2019ai consult\u00e9 plusieurs ouvrages \u00e9crits par des neuroscientifiques (je pense, notamment, \u00e0 Stanislas Dehaene qui vient de publier un livre intitul\u00e9 <em>Apprendre\u00a0!<\/em>).<\/li>\n<li>Ensuite, je pr\u00e9senterai <strong>les lignes directrices de la\u00a0CUA\/UDL<\/strong> que j\u2019ai essay\u00e9 de mettre ne place dans le cours et je reviendrai sur les mani\u00e8res d\u2019apprendre (individuellement ou collectivement).<\/li>\n<li>\u00c0 partir de l\u00e0, je pourrai expliquer <strong>les changements<\/strong> qui ont eu lieu dans mon cours avec des <strong>exemples<\/strong> <strong>concrets<\/strong> d\u2019outils, d\u2019activit\u00e9s, de travaux d\u2019\u00e9tudiants, toujours en lien avec les lignes directrices de la CUA\/UDL. Comme il est difficile de tout couvrir en m\u00eame temps, j\u2019irai par \u00e9tapes\u00a0:<\/li>\n<\/ul>\n<p style=\"padding-left: 30px\"><strong>Accompagnement de la lecture\u00a0:<\/strong><\/p>\n<p style=\"padding-left: 60px\">Aper\u00e7u global\u00a0;<\/p>\n<p style=\"padding-left: 30px\"><strong>Avant de lire un texte\u00a0:<\/strong><\/p>\n<p style=\"padding-left: 60px\">Contextualiser, poser des questions\u00a0;<\/p>\n<p style=\"padding-left: 30px\"><strong>Pendant la lecture\u00a0:<\/strong><img loading=\"lazy\" decoding=\"async\" class=\"wp-image-1467 alignright\" src=\"https:\/\/www.dawsoncollege.qc.ca\/udl\/wp-content\/uploads\/sites\/160\/lecture.png\" alt=\"lecture\" width=\"210\" height=\"236\" \/><\/p>\n<p style=\"padding-left: 60px\">Avoir acc\u00e8s \u00e0 diff\u00e9rents supports pour les textes (papier, fichier Word, texte audio, vid\u00e9os)<\/p>\n<p style=\"padding-left: 60px\">Annoter ces textes (notes de surface \/ notes en profondeur)<\/p>\n<p style=\"padding-left: 60px\">Proposer des outils pour mieux comprendre (<em>storyboard<\/em>, chronologie, sch\u00e9ma narratif, questions MyDALITE)\u00a0;<\/p>\n<p style=\"padding-left: 30px\"><strong>Apr\u00e8s la lecture\u00a0:<\/strong><\/p>\n<p style=\"padding-left: 60px\">Cercles de lecture et apprentissage coop\u00e9ratif<\/p>\n<p style=\"padding-left: 60px\">R\u00f4les \u00e0 choisir et travaux \u00e0 soumettre\u00a0;<\/p>\n<ul>\n<li>En guise de conclusion\u00a0:<\/li>\n<\/ul>\n<p style=\"padding-left: 30px\">Organigrammes qui r\u00e9sument les strat\u00e9gies impliqu\u00e9es dans un cercle de lecture et le d\u00e9roulement de cette activit\u00e9<\/p>\n<p style=\"padding-left: 30px\">Changements et impacts dans mes cours<\/p>\n<p style=\"padding-left: 30px\">Ce que la\u00a0CUA\/UDL a permis de faire<\/p>\n<ul>\n<li>Annexes\u00a0:<\/li>\n<\/ul>\n<p style=\"padding-left: 30px\">Bibliographie sommaire.<\/p>\n<p>Je terminerai en remerciant tr\u00e8s chaleureusement Catherine, Effie et Laure de m\u2019avoir donn\u00e9 la possibilit\u00e9 de faire cette r\u00e9flexion et de m\u2019int\u00e9grer \u00e0 la communaut\u00e9 de pratique UDL. L\u2019\u00e9coute, la g\u00e9n\u00e9rosit\u00e9 et les encouragements constants de l\u2019\u00e9quipe de coordination UDL@Dawson et toutes les petites attentions prodigu\u00e9es durant ces trois derniers semestres ont \u00e9t\u00e9 d\u2019un grand soutien pour me lancer dans cette aventure. MERCI 1000 fois\u00a0!<\/p>\n<img loading=\"lazy\" decoding=\"async\" class=\" wp-image-1466 aligncenter\" src=\"https:\/\/www.dawsoncollege.qc.ca\/udl\/wp-content\/uploads\/sites\/160\/carte-mentale.png\" alt=\"carte mentale\" width=\"474\" height=\"355\" \/>\n<p>&nbsp;<\/p>\n<h4><strong>Pour en savoir plus :<\/strong><\/h4>\n<p><a href=\"https:\/\/www.dawsoncollege.qc.ca\/udl\/wp-content\/uploads\/sites\/160\/Portefolio_UDL-1.pptx\">Portfolio de L. Desanti<\/a><\/p>\n","protected":false},"excerpt":{"rendered":"<p>Accompagner la lecture des textes difficiles Qu\u2019est-ce qui m&#8217;a men\u00e9e \u00e0 UDL\u00a0? &nbsp; Le choix d\u2019int\u00e9grer des \u00e9l\u00e9ments de la conception universelle \u00e0 mes cours ne rel\u00e8ve pas d\u2019une circonstance en particulier, mais se trouve \u00eatre le fruit d\u2019une exp\u00e9rience v\u00e9cue au gr\u00e9 de plusieurs \u00e9tapes importantes dans mon parcours\u00a0de vie : &nbsp; Le fait&#8230;<\/p>\n","protected":false},"author":135,"featured_media":0,"parent":107,"menu_order":0,"comment_status":"closed","ping_status":"closed","template":"","meta":{"footnotes":""},"class_list":["post-1448","page","type-page","status-publish","hentry"],"_links":{"self":[{"href":"https:\/\/www.dawsoncollege.qc.ca\/udl\/wp-json\/wp\/v2\/pages\/1448","targetHints":{"allow":["GET"]}}],"collection":[{"href":"https:\/\/www.dawsoncollege.qc.ca\/udl\/wp-json\/wp\/v2\/pages"}],"about":[{"href":"https:\/\/www.dawsoncollege.qc.ca\/udl\/wp-json\/wp\/v2\/types\/page"}],"author":[{"embeddable":true,"href":"https:\/\/www.dawsoncollege.qc.ca\/udl\/wp-json\/wp\/v2\/users\/135"}],"replies":[{"embeddable":true,"href":"https:\/\/www.dawsoncollege.qc.ca\/udl\/wp-json\/wp\/v2\/comments?post=1448"}],"version-history":[{"count":10,"href":"https:\/\/www.dawsoncollege.qc.ca\/udl\/wp-json\/wp\/v2\/pages\/1448\/revisions"}],"predecessor-version":[{"id":1543,"href":"https:\/\/www.dawsoncollege.qc.ca\/udl\/wp-json\/wp\/v2\/pages\/1448\/revisions\/1543"}],"up":[{"embeddable":true,"href":"https:\/\/www.dawsoncollege.qc.ca\/udl\/wp-json\/wp\/v2\/pages\/107"}],"wp:attachment":[{"href":"https:\/\/www.dawsoncollege.qc.ca\/udl\/wp-json\/wp\/v2\/media?parent=1448"}],"curies":[{"name":"wp","href":"https:\/\/api.w.org\/{rel}","templated":true}]}}